{"id":74,"date":"2014-04-07T09:22:56","date_gmt":"2014-04-07T07:22:56","guid":{"rendered":"http:\/\/www.von-dehn.de\/site\/?page_id=74"},"modified":"2023-10-05T22:41:56","modified_gmt":"2023-10-05T20:41:56","slug":"die-frau-im-mittelalter","status":"publish","type":"page","link":"http:\/\/www.von-dehn.de\/site\/friesen-und-freiheit\/die-frau-im-mittelalter\/","title":{"rendered":"Die Frau im Mittelalter"},"content":{"rendered":"<div id=\"fb-root\"><\/div>\n<address><span style=\"color: #000000;\"><em>\u00a9 Musik: Gunda v. Dehn &#8222;Bis die Distel traget Rosen&#8220; aus dem Musical &#8222;Zorn im Blut&#8220; <\/em><\/span><\/address>\n<address><span style=\"color: #000000;\"><em>Interpretin: Mezzosopran Katharina Schutza<br \/>\n<\/em><\/span><\/address>\n<audio class=\"wp-audio-shortcode\" id=\"audio-74-1\" preload=\"none\" style=\"width: 100%;\" controls=\"controls\"><source type=\"audio\/mpeg\" src=\"http:\/\/www.von-dehn.de\/site\/wp-content\/uploads\/2014\/04\/04-Distel-4.mp3?_=1\" \/><a href=\"http:\/\/www.von-dehn.de\/site\/wp-content\/uploads\/2014\/04\/04-Distel-4.mp3\">http:\/\/www.von-dehn.de\/site\/wp-content\/uploads\/2014\/04\/04-Distel-4.mp3<\/a><\/audio>\n<div id=\"attachment_463\" style=\"width: 160px\" class=\"wp-caption alignright\"><a href=\"http:\/\/www.von-dehn.de\/site\/wp-content\/uploads\/2014\/04\/RENATEVO.jpg\"><img decoding=\"async\" aria-describedby=\"caption-attachment-463\" class=\"wp-image-463 size-thumbnail\" src=\"http:\/\/www.von-dehn.de\/site\/wp-content\/uploads\/2014\/04\/RENATEVO-150x150.jpg\" alt=\"RENATEVO\" width=\"150\" height=\"150\" srcset=\"http:\/\/www.von-dehn.de\/site\/wp-content\/uploads\/2014\/04\/RENATEVO-66x66.jpg 66w, http:\/\/www.von-dehn.de\/site\/wp-content\/uploads\/2014\/04\/RENATEVO-150x150.jpg 150w\" sizes=\"(max-width: 150px) 100vw, 150px\" \/><\/a><p id=\"caption-attachment-463\" class=\"wp-caption-text\">Die blonde Friesin<\/p><\/div>\n<h2><\/h2>\n<h2><span style=\"color: #993300;\"><em>Die Frauen im Mittelalter<\/em><\/span><\/h2>\n<p>Die Stellung der Frau sei hier kurz gestreift. Sie war die eines unm\u00fcndigen Kindes. Dennoch besa\u00dfen die Frauen die Schl\u00fcsselgewalt, d. h. sie herrschten \u00fcber Haushalt und Gesinde. Der Brokmerbrief (Gesetzestext) schrieb vor, dass die Frau frei \u00fcber die Wahl des Ehemannes entscheiden d\u00fcrfe. In der Praxis sah das jedoch anders aus. Die M\u00e4dchen wurden h\u00e4ufig schon als 12-j\u00e4hrige verheiratet. War der Ehemann beispielsweise im Zweikampf ums Leben gekommen, so war es \u00fcblich, dass der Sieger die Frau heiratete, damit die Frau versorgt blieb. War der Sieger bereits verheiratet, so wurde ein Ehemann aus seiner Familie ausgesucht. F\u00fcr die Frauen war es sicher h\u00e4ufig nicht leicht, den M\u00f6rder ihres Mannes heiraten zu m\u00fcssen.<\/p>\n<p>H\u00e4ufig geschah es, das 12-j\u00e4hrige M\u00e4dchen an \u00e4ltere M\u00e4nner verheiratet wurden, die einen gewissen Wohlstand aufweisen konnten. Starb dieser Ehemann, so suchte sich die Witwe bzw. die Familie der Witwe einen &#8211; meist j\u00fcngeren &#8211; Ehemann aus, der nun jedoch durchaus nicht reich sein musste. Wichtig nur, dass er beispielsweise das Gesch\u00e4ft, den Hof oder das Handwerk fortf\u00fchren konnte. War der verstorbene Ehemann Meister gewesen, so hatte der Geselle durch die Heirat mit der Witwe gute Chancen, nun Meister werden zu k\u00f6nnen.<\/p>\n<p>Ehebruch der Frau wurde mit Steinigung geahndet. Das hei\u00dft nicht, dass man die Frau mit Steinen bewarf. &#8211; Man pflockte die Frau auf den Boden und lud Steine darauf. &#8211; Ein grauenvoller Tod! &#8211; M\u00e4nner hatten bei Ehebruch keine Strafe zu erwarten. Im Gegenteil, von ihnen erwartete man sogar, dass sie ein so genanntes Kebsweib hatten, eine Nebenfrau.<\/p>\n<p>In Friesland trugen verheiratete Frauen in der \u00d6ffentlichkeit die \u2018Hatte\u2019 &#8211; ein um den Kopf gewundenes Tuch, das Mund und Nase verdeckte. Eine Sitte, die vermutlich \u00fcber die Kreuzz\u00fcge hierher kam (von den Arabern \u00fcbernommen).<\/p>\n<p>Gunda v. Dehn<\/p>\n<hr \/>\n<div id=\"attachment_6190\" style=\"width: 218px\" class=\"wp-caption alignleft\"><a href=\"http:\/\/www.von-dehn.de\/site\/wp-content\/uploads\/2014\/08\/Gunda4-1986-Kopie.jpg\"><img decoding=\"async\" aria-describedby=\"caption-attachment-6190\" class=\"wp-image-6190 size-medium\" src=\"http:\/\/www.von-dehn.de\/site\/wp-content\/uploads\/2014\/08\/Gunda4-1986-Kopie-208x300.jpg\" alt=\"gunda4-1986-kopie\" width=\"208\" height=\"300\" srcset=\"http:\/\/www.von-dehn.de\/site\/wp-content\/uploads\/2014\/08\/Gunda4-1986-Kopie-208x300.jpg 208w, http:\/\/www.von-dehn.de\/site\/wp-content\/uploads\/2014\/08\/Gunda4-1986-Kopie-711x1024.jpg 711w, http:\/\/www.von-dehn.de\/site\/wp-content\/uploads\/2014\/08\/Gunda4-1986-Kopie.jpg 1596w\" sizes=\"(max-width: 208px) 100vw, 208px\" \/><\/a><p id=\"caption-attachment-6190\" class=\"wp-caption-text\">Selbstportrait 1986<\/p><\/div>\n<h2><\/h2>\n<h2><em><span style=\"color: #993300;\">Hinweis: Roman Chroniken der tom Brook<\/span><\/em><\/h2>\n<h4><span style=\"color: #800000;\">Band I-IV &#8222;Chroniken der tom Brook&#8220; Download erh\u00e4ltlich bei versch. Anbietern<\/span><\/h4>\n<p><span style=\"color: #0000ff;\"><a style=\"color: #0000ff;\" href=\"http:\/\/www.hugendubel.de\/de\/ebook\/gunda_von_dehn-chroniken_der_tom_brook-29133974-produkt-details.html\">http:\/\/www.hugendubel.de\/de\/ebook\/gunda_von_dehn-chroniken_der_tom_brook-29133974-produkt-details.html<\/a><\/span><\/p>\n<h4><span style=\"color: #800000;\">Band II &#8222;Chroniken der tom Brook&#8220;: <\/span><span style=\"color: #0000ff;\"><a class=\"moz-txt-link-freetext\" style=\"color: #0000ff;\" href=\"http:\/\/store.kobobooks.com\/de-DE\/ebook\/chroniken-der-tom-brook-1\">http:\/\/store.kobobooks.com\/de-DE\/ebook\/chroniken-der-tom-brook-1<\/a><\/span><\/h4>\n<h3><\/h3>\n<h4><em><span style=\"color: #0000ff;\"><a style=\"color: #0000ff;\" href=\"http:\/\/www.facebook.com\/photo.php?v=263026197205588\">http:\/\/www.facebook.com\/photo.php?v=263026197205588<\/a><\/span><\/em><\/h4>\n<hr \/>\n<p><em><span style=\"color: #000000;\"><a style=\"color: #000000; text-decoration: underline;\" href=\"http:\/\/www.facebook.com\/photo.php?v=263026197205588\">letzte \u00c4nderung 05.10.2023<\/a><\/span><br \/>\n<\/em><\/p>\n","protected":false},"excerpt":{"rendered":"<p>\u00a9 Musik: Gunda v. Dehn &#8222;Bis die Distel traget Rosen&#8220; aus dem Musical &#8222;Zorn im Blut&#8220; Interpretin: Mezzosopran Katharina Schutza Die Frauen im Mittelalter Die Stellung der Frau sei hier kurz gestreift. Sie war die eines unm\u00fcndigen Kindes. Dennoch besa\u00dfen die Frauen die Schl\u00fcsselgewalt, d. h. sie herrschten \u00fcber Haushalt und Gesinde. Der Brokmerbrief (Gesetzestext) [&hellip;]<\/p>\n","protected":false},"author":1,"featured_media":0,"parent":34,"menu_order":1,"comment_status":"closed","ping_status":"open","template":"side-navigation.php","meta":{"footnotes":""},"class_list":["post-74","page","type-page","status-publish","hentry"],"_links":{"self":[{"href":"http:\/\/www.von-dehn.de\/site\/wp-json\/wp\/v2\/pages\/74","targetHints":{"allow":["GET"]}}],"collection":[{"href":"http:\/\/www.von-dehn.de\/site\/wp-json\/wp\/v2\/pages"}],"about":[{"href":"http:\/\/www.von-dehn.de\/site\/wp-json\/wp\/v2\/types\/page"}],"author":[{"embeddable":true,"href":"http:\/\/www.von-dehn.de\/site\/wp-json\/wp\/v2\/users\/1"}],"replies":[{"embeddable":true,"href":"http:\/\/www.von-dehn.de\/site\/wp-json\/wp\/v2\/comments?post=74"}],"version-history":[{"count":25,"href":"http:\/\/www.von-dehn.de\/site\/wp-json\/wp\/v2\/pages\/74\/revisions"}],"predecessor-version":[{"id":6949,"href":"http:\/\/www.von-dehn.de\/site\/wp-json\/wp\/v2\/pages\/74\/revisions\/6949"}],"up":[{"embeddable":true,"href":"http:\/\/www.von-dehn.de\/site\/wp-json\/wp\/v2\/pages\/34"}],"wp:attachment":[{"href":"http:\/\/www.von-dehn.de\/site\/wp-json\/wp\/v2\/media?parent=74"}],"curies":[{"name":"wp","href":"https:\/\/api.w.org\/{rel}","templated":true}]}}

<div id="fb-root"></div>
<address><span style="color: #000000;"><em>© Musik: Gunda v. Dehn &#8222;Bis die Distel traget Rosen&#8220; aus dem Musical &#8222;Zorn im Blut&#8220; </em></span></address>
<address><span style="color: #000000;"><em>Interpretin: Mezzosopran Katharina Schutza<br />
</em></span></address>
<audio class="wp-audio-shortcode" id="audio-74-1" preload="none" style="width: 100%;" controls="controls"><source type="audio/mpeg" src="http://www.von-dehn.de/site/wp-content/uploads/2014/04/04-Distel-4.mp3?_=1" /><a href="http://www.von-dehn.de/site/wp-content/uploads/2014/04/04-Distel-4.mp3">http://www.von-dehn.de/site/wp-content/uploads/2014/04/04-Distel-4.mp3</a></audio>
<div id="attachment_463" style="width: 160px" class="wp-caption alignright"><a href="http://www.von-dehn.de/site/wp-content/uploads/2014/04/RENATEVO.jpg"><img decoding="async" aria-describedby="caption-attachment-463" class="wp-image-463 size-thumbnail" src="http://www.von-dehn.de/site/wp-content/uploads/2014/04/RENATEVO-150x150.jpg" alt="RENATEVO" width="150" height="150" srcset="http://www.von-dehn.de/site/wp-content/uploads/2014/04/RENATEVO-66x66.jpg 66w, http://www.von-dehn.de/site/wp-content/uploads/2014/04/RENATEVO-150x150.jpg 150w" sizes="(max-width: 150px) 100vw, 150px" /></a><p id="caption-attachment-463" class="wp-caption-text">Die blonde Friesin</p></div>
<h2></h2>
<h2><span style="color: #993300;"><em>Die Frauen im Mittelalter</em></span></h2>
<p>Die Stellung der Frau sei hier kurz gestreift. Sie war die eines unmündigen Kindes. Dennoch besaßen die Frauen die Schlüsselgewalt, d. h. sie herrschten über Haushalt und Gesinde. Der Brokmerbrief (Gesetzestext) schrieb vor, dass die Frau frei über die Wahl des Ehemannes entscheiden dürfe. In der Praxis sah das jedoch anders aus. Die Mädchen wurden häufig schon als 12-jährige verheiratet. War der Ehemann beispielsweise im Zweikampf ums Leben gekommen, so war es üblich, dass der Sieger die Frau heiratete, damit die Frau versorgt blieb. War der Sieger bereits verheiratet, so wurde ein Ehemann aus seiner Familie ausgesucht. Für die Frauen war es sicher häufig nicht leicht, den Mörder ihres Mannes heiraten zu müssen.</p>
<p>Häufig geschah es, das 12-jährige Mädchen an ältere Männer verheiratet wurden, die einen gewissen Wohlstand aufweisen konnten. Starb dieser Ehemann, so suchte sich die Witwe bzw. die Familie der Witwe einen &#8211; meist jüngeren &#8211; Ehemann aus, der nun jedoch durchaus nicht reich sein musste. Wichtig nur, dass er beispielsweise das Geschäft, den Hof oder das Handwerk fortführen konnte. War der verstorbene Ehemann Meister gewesen, so hatte der Geselle durch die Heirat mit der Witwe gute Chancen, nun Meister werden zu können.</p>
<p>Ehebruch der Frau wurde mit Steinigung geahndet. Das heißt nicht, dass man die Frau mit Steinen bewarf. &#8211; Man pflockte die Frau auf den Boden und lud Steine darauf. &#8211; Ein grauenvoller Tod! &#8211; Männer hatten bei Ehebruch keine Strafe zu erwarten. Im Gegenteil, von ihnen erwartete man sogar, dass sie ein so genanntes Kebsweib hatten, eine Nebenfrau.</p>
<p>In Friesland trugen verheiratete Frauen in der Öffentlichkeit die ‘Hatte’ &#8211; ein um den Kopf gewundenes Tuch, das Mund und Nase verdeckte. Eine Sitte, die vermutlich über die Kreuzzüge hierher kam (von den Arabern übernommen).</p>
<p>Gunda v. Dehn</p>
<hr />
<div id="attachment_6190" style="width: 218px" class="wp-caption alignleft"><a href="http://www.von-dehn.de/site/wp-content/uploads/2014/08/Gunda4-1986-Kopie.jpg"><img decoding="async" aria-describedby="caption-attachment-6190" class="wp-image-6190 size-medium" src="http://www.von-dehn.de/site/wp-content/uploads/2014/08/Gunda4-1986-Kopie-208x300.jpg" alt="gunda4-1986-kopie" width="208" height="300" srcset="http://www.von-dehn.de/site/wp-content/uploads/2014/08/Gunda4-1986-Kopie-208x300.jpg 208w, http://www.von-dehn.de/site/wp-content/uploads/2014/08/Gunda4-1986-Kopie-711x1024.jpg 711w, http://www.von-dehn.de/site/wp-content/uploads/2014/08/Gunda4-1986-Kopie.jpg 1596w" sizes="(max-width: 208px) 100vw, 208px" /></a><p id="caption-attachment-6190" class="wp-caption-text">Selbstportrait 1986</p></div>
<h2></h2>
<h2><em><span style="color: #993300;">Hinweis: Roman Chroniken der tom Brook</span></em></h2>
<h4><span style="color: #800000;">Band I-IV &#8222;Chroniken der tom Brook&#8220; Download erhältlich bei versch. Anbietern</span></h4>
<p><span style="color: #0000ff;"><a style="color: #0000ff;" href="http://www.hugendubel.de/de/ebook/gunda_von_dehn-chroniken_der_tom_brook-29133974-produkt-details.html">http://www.hugendubel.de/de/ebook/gunda_von_dehn-chroniken_der_tom_brook-29133974-produkt-details.html</a></span></p>
<h4><span style="color: #800000;">Band II &#8222;Chroniken der tom Brook&#8220;: </span><span style="color: #0000ff;"><a class="moz-txt-link-freetext" style="color: #0000ff;" href="http://store.kobobooks.com/de-DE/ebook/chroniken-der-tom-brook-1">http://store.kobobooks.com/de-DE/ebook/chroniken-der-tom-brook-1</a></span></h4>
<h3></h3>
<h4><em><span style="color: #0000ff;"><a style="color: #0000ff;" href="http://www.facebook.com/photo.php?v=263026197205588">http://www.facebook.com/photo.php?v=263026197205588</a></span></em></h4>
<hr />
<p><em><span style="color: #000000;"><a style="color: #000000; text-decoration: underline;" href="http://www.facebook.com/photo.php?v=263026197205588">letzte Änderung 05.10.2023</a></span><br />
</em></p>

<p>© Musik: Gunda v. Dehn &#8222;Bis die Distel traget Rosen&#8220; aus dem Musical &#8222;Zorn im Blut&#8220; Interpretin: Mezzosopran Katharina Schutza Die Frauen im Mittelalter Die Stellung der Frau sei hier kurz gestreift. Sie war die eines unmündigen Kindes. Dennoch besaßen die Frauen die Schlüsselgewalt, d. h. sie herrschten über Haushalt und Gesinde. Der Brokmerbrief (Gesetzestext) [&hellip;]</p>
