{"id":3475,"date":"2015-01-20T15:30:10","date_gmt":"2015-01-20T13:30:10","guid":{"rendered":"http:\/\/www.von-dehn.de\/site\/?page_id=3475"},"modified":"2023-10-05T22:52:05","modified_gmt":"2023-10-05T20:52:05","slug":"wenzel-von-boehmen-u-ruprecht-von-der-pfalz","status":"publish","type":"page","link":"http:\/\/www.von-dehn.de\/site\/friesen-und-freiheit\/wenzel-von-boehmen-u-ruprecht-von-der-pfalz\/","title":{"rendered":"Wenzel von B\u00f6hmen u. Ruprecht von der Pfalz"},"content":{"rendered":"<div id=\"fb-root\"><\/div>\n<audio class=\"wp-audio-shortcode\" id=\"audio-3475-1\" preload=\"none\" style=\"width: 100%;\" controls=\"controls\"><source type=\"audio\/mpeg\" src=\"http:\/\/www.von-dehn.de\/site\/wp-content\/uploads\/2014\/09\/13_Jung-Ritter-fu\u0308r-cpr-geku\u0308rzt.mp3?_=1\" \/><a href=\"http:\/\/www.von-dehn.de\/site\/wp-content\/uploads\/2014\/09\/13_Jung-Ritter-fu\u0308r-cpr-geku\u0308rzt.mp3\">http:\/\/www.von-dehn.de\/site\/wp-content\/uploads\/2014\/09\/13_Jung-Ritter-fu\u0308r-cpr-geku\u0308rzt.mp3<\/a><\/audio>\n<p style=\"text-align: right;\"><span style=\"color: #800000;\">\u00a0\u00a9 &#8211; Gunda von Dehn &#8211; Sequenz &#8222;Jung Ritter&#8230;&#8220;<br \/>\n<\/span><\/p>\n<p><a href=\"http:\/\/www.von-dehn.de\/site\/wp-content\/uploads\/2015\/01\/Kaiser-Wenzel.jpg\"><img decoding=\"async\" class=\"wp-image-3476 size-full aligncenter\" src=\"http:\/\/www.von-dehn.de\/site\/wp-content\/uploads\/2015\/01\/Kaiser-Wenzel.jpg\" alt=\"Kaiser Wenzel\" width=\"202\" height=\"343\" srcset=\"http:\/\/www.von-dehn.de\/site\/wp-content\/uploads\/2015\/01\/Kaiser-Wenzel-176x300.jpg 176w, http:\/\/www.von-dehn.de\/site\/wp-content\/uploads\/2015\/01\/Kaiser-Wenzel.jpg 202w\" sizes=\"(max-width: 202px) 100vw, 202px\" \/><\/a><\/p>\n<address style=\"text-align: center;\">Herr Wenzel \u2013 mit drei Jahren schon<br \/>\nErhoben auf den K\u00f6nigsthron<br \/>\nVon B\u00f6hmen \u2013 von den W\u00e4hlern wird<br \/>\nAuch f\u00fcr den deutschen Thron gek\u00fcrt,<\/address>\n<address style=\"text-align: center;\">\u00a0<\/address>\n<address style=\"text-align: center;\">Als seines Vaters w\u00fcrd\u2019gen Erben,<\/address>\n<address style=\"text-align: center;\">Da Karl der Vierte kam zu sterben.<br \/>\nDer Jagdlust und dem Trunk ergeben<br \/>\nVertobte er sein ganzes Leben.<\/address>\n<address style=\"text-align: center;\">\u00a0<\/address>\n<address style=\"text-align: center;\">Ins Wasser \u201evon der Prager Bruck\u201c<\/address>\n<address style=\"text-align: center;\">St\u00fcrzt er den heil\u2019gen Nepomuk,<\/address>\n<address style=\"text-align: center;\">\u00a0<\/address>\n<address style=\"text-align: center;\">Und herrscht voll Willk\u00fcr, da\u00df die B\u00f6hmen<br \/>\nZuletzt ihm den Gehorsam k\u00fcnden,<\/address>\n<address style=\"text-align: center;\">Mit Jobst von M\u00e4hren sich verb\u00fcnden<br \/>\nUnd ihn in Prag gefangen nehmen:<\/address>\n<address style=\"text-align: center;\">\u00a0<\/address>\n<address style=\"text-align: center;\">Hierdurch im Ansehn schwer verletzt<\/address>\n<address style=\"text-align: center;\">Ward er des Kaiserthrons entsetzt.<\/address>\n<p><a href=\"http:\/\/www.von-dehn.de\/site\/wp-content\/uploads\/2015\/01\/Kaiser-Ruprecht.jpg\"><img decoding=\"async\" class=\"aligncenter wp-image-3477 size-full\" src=\"http:\/\/www.von-dehn.de\/site\/wp-content\/uploads\/2015\/01\/Kaiser-Ruprecht.jpg\" alt=\"Kaiser Ruprecht\" width=\"202\" height=\"345\" srcset=\"http:\/\/www.von-dehn.de\/site\/wp-content\/uploads\/2015\/01\/Kaiser-Ruprecht-175x300.jpg 175w, http:\/\/www.von-dehn.de\/site\/wp-content\/uploads\/2015\/01\/Kaiser-Ruprecht.jpg 202w\" sizes=\"(max-width: 202px) 100vw, 202px\" \/><\/a><\/p>\n<address style=\"text-align: center;\">An Wenzels Statt Herr Ruprecht ward<br \/>\nDer Kurf\u00fcrst von der Pfalz erw\u00e4hlt:<br \/>\nEin Mann von edler Denkungsart,<br \/>\nGelehrt zugleich und Kriegesheld.<\/address>\n<address style=\"text-align: center;\">\u00a0<\/address>\n<address style=\"text-align: center;\">Vor seiner Wahl zum Kaiser th\u00e4t<\/address>\n<address style=\"text-align: center;\">Er schon die Universit\u00e4t<br \/>\nIm sch\u00f6nen Heidelberg begr\u00fcnden,<br \/>\nDie laut bald seinen Ruhm that k\u00fcnden.<\/address>\n<address style=\"text-align: center;\">\u00a0<\/address>\n<address style=\"text-align: center;\">Als Kaiser aber leider fehlt<\/address>\n<address style=\"text-align: center;\">Ihm Ansehn und besonders \u2013 Geld,<\/address>\n<address style=\"text-align: center;\">Denn dessen nicht einmal genug<br \/>\nHatt\u2019 er zu seinem Kr\u00f6nungszug<\/address>\n<address style=\"text-align: center;\">Nach Rom:<\/address>\n<address style=\"text-align: center;\">auf diesem kam er ja<br \/>\nAus Geldnot nur bis Brescia.<\/address>\n<address style=\"text-align: center;\">\u00a0<\/address>\n<address style=\"text-align: center;\">Manch\u2019 Gutes, das er sich gedacht,<\/address>\n<address style=\"text-align: center;\">Ob fr\u00fchen Tods ward nicht vollbracht.<\/address>\n<address style=\"text-align: center;\">\u00a0<\/address>\n<p style=\"text-align: left;\">Dieser Text wurde anhand der Quelle Korrektur gelesen. Die Schreibweise folgt dem Originaltext.<\/p>\n<p>Gefunden auf : http:\/\/de.wikisource.org\/w\/index.php?title=Die_deutschen_Kaiser:Wenzel_und_Ruprecht_von_der_Pfalz&amp;action=info<\/p>\n<hr \/>\n<h2><strong><em><span style=\"color: #993300;\"><a href=\"http:\/\/www.von-dehn.de\/site\/wp-content\/uploads\/2014\/04\/AutogrammkarteGunda.png\"><img decoding=\"async\" class=\"alignleft wp-image-3171 size-thumbnail\" src=\"http:\/\/www.von-dehn.de\/site\/wp-content\/uploads\/2014\/04\/AutogrammkarteGunda-150x150.png\" alt=\"AutogrammkarteGunda\" width=\"150\" height=\"150\" srcset=\"http:\/\/www.von-dehn.de\/site\/wp-content\/uploads\/2014\/04\/AutogrammkarteGunda-66x66.png 66w, http:\/\/www.von-dehn.de\/site\/wp-content\/uploads\/2014\/04\/AutogrammkarteGunda-150x150.png 150w\" sizes=\"(max-width: 150px) 100vw, 150px\" \/><\/a>Hinweis: Roman &#8222;Chroniken der tom Brook&#8220;<\/span><\/em><\/strong><\/h2>\n<h4><span style=\"color: #800000;\">Band I-IV &#8222;Chroniken der tom Brook&#8220; Download bei versch. Anbietern<\/span><\/h4>\n<p>http:\/\/www.hugendubel.de\/de\/ebook\/gunda_von_dehn-chroniken_der_tom_brook-29133974-produkt-details.html<\/p>\n<h4><span style=\"color: #0000ff;\">Band II &#8222;Chroniken der tom Brook&#8220;: <a class=\"moz-txt-link-freetext\" style=\"color: #0000ff;\" href=\"http:\/\/store.kobobooks.com\/de-DE\/ebook\/chroniken-der-tom-brook-1\">http:\/\/store.kobobooks.com\/de-DE\/ebook\/chroniken-der-tom-brook-1<\/a><\/span><\/h4>\n<hr \/>\n<p>Letzte \u00c4nderungen 05.10.2023<\/p>\n<hr \/>\n","protected":false},"excerpt":{"rendered":"<p>\u00a0\u00a9 &#8211; Gunda von Dehn &#8211; Sequenz &#8222;Jung Ritter&#8230;&#8220; Herr Wenzel \u2013 mit drei Jahren schon Erhoben auf den K\u00f6nigsthron Von B\u00f6hmen \u2013 von den W\u00e4hlern wird Auch f\u00fcr den deutschen Thron gek\u00fcrt, \u00a0 Als seines Vaters w\u00fcrd\u2019gen Erben, Da Karl der Vierte kam zu sterben. Der Jagdlust und dem Trunk ergeben Vertobte er sein [&hellip;]<\/p>\n","protected":false},"author":2,"featured_media":0,"parent":34,"menu_order":10,"comment_status":"closed","ping_status":"open","template":"side-navigation.php","meta":{"footnotes":""},"class_list":["post-3475","page","type-page","status-publish","hentry"],"_links":{"self":[{"href":"http:\/\/www.von-dehn.de\/site\/wp-json\/wp\/v2\/pages\/3475","targetHints":{"allow":["GET"]}}],"collection":[{"href":"http:\/\/www.von-dehn.de\/site\/wp-json\/wp\/v2\/pages"}],"about":[{"href":"http:\/\/www.von-dehn.de\/site\/wp-json\/wp\/v2\/types\/page"}],"author":[{"embeddable":true,"href":"http:\/\/www.von-dehn.de\/site\/wp-json\/wp\/v2\/users\/2"}],"replies":[{"embeddable":true,"href":"http:\/\/www.von-dehn.de\/site\/wp-json\/wp\/v2\/comments?post=3475"}],"version-history":[{"count":19,"href":"http:\/\/www.von-dehn.de\/site\/wp-json\/wp\/v2\/pages\/3475\/revisions"}],"predecessor-version":[{"id":6957,"href":"http:\/\/www.von-dehn.de\/site\/wp-json\/wp\/v2\/pages\/3475\/revisions\/6957"}],"up":[{"embeddable":true,"href":"http:\/\/www.von-dehn.de\/site\/wp-json\/wp\/v2\/pages\/34"}],"wp:attachment":[{"href":"http:\/\/www.von-dehn.de\/site\/wp-json\/wp\/v2\/media?parent=3475"}],"curies":[{"name":"wp","href":"https:\/\/api.w.org\/{rel}","templated":true}]}}

Wenzel von Böhmen u. Ruprecht von der Pfalz

<div id="fb-root"></div>
<audio class="wp-audio-shortcode" id="audio-3475-1" preload="none" style="width: 100%;" controls="controls"><source type="audio/mpeg" src="http://www.von-dehn.de/site/wp-content/uploads/2014/09/13_Jung-Ritter-für-cpr-gekürzt.mp3?_=1" /><a href="http://www.von-dehn.de/site/wp-content/uploads/2014/09/13_Jung-Ritter-für-cpr-gekürzt.mp3">http://www.von-dehn.de/site/wp-content/uploads/2014/09/13_Jung-Ritter-für-cpr-gekürzt.mp3</a></audio>
<p style="text-align: right;"><span style="color: #800000;"> © &#8211; Gunda von Dehn &#8211; Sequenz &#8222;Jung Ritter&#8230;&#8220;<br />
</span></p>
<p><a href="http://www.von-dehn.de/site/wp-content/uploads/2015/01/Kaiser-Wenzel.jpg"><img decoding="async" class="wp-image-3476 size-full aligncenter" src="http://www.von-dehn.de/site/wp-content/uploads/2015/01/Kaiser-Wenzel.jpg" alt="Kaiser Wenzel" width="202" height="343" srcset="http://www.von-dehn.de/site/wp-content/uploads/2015/01/Kaiser-Wenzel-176x300.jpg 176w, http://www.von-dehn.de/site/wp-content/uploads/2015/01/Kaiser-Wenzel.jpg 202w" sizes="(max-width: 202px) 100vw, 202px" /></a></p>
<address style="text-align: center;">Herr Wenzel – mit drei Jahren schon<br />
Erhoben auf den Königsthron<br />
Von Böhmen – von den Wählern wird<br />
Auch für den deutschen Thron gekürt,</address>
<address style="text-align: center;"> </address>
<address style="text-align: center;">Als seines Vaters würd’gen Erben,</address>
<address style="text-align: center;">Da Karl der Vierte kam zu sterben.<br />
Der Jagdlust und dem Trunk ergeben<br />
Vertobte er sein ganzes Leben.</address>
<address style="text-align: center;"> </address>
<address style="text-align: center;">Ins Wasser „von der Prager Bruck“</address>
<address style="text-align: center;">Stürzt er den heil’gen Nepomuk,</address>
<address style="text-align: center;"> </address>
<address style="text-align: center;">Und herrscht voll Willkür, daß die Böhmen<br />
Zuletzt ihm den Gehorsam künden,</address>
<address style="text-align: center;">Mit Jobst von Mähren sich verbünden<br />
Und ihn in Prag gefangen nehmen:</address>
<address style="text-align: center;"> </address>
<address style="text-align: center;">Hierdurch im Ansehn schwer verletzt</address>
<address style="text-align: center;">Ward er des Kaiserthrons entsetzt.</address>
<p><a href="http://www.von-dehn.de/site/wp-content/uploads/2015/01/Kaiser-Ruprecht.jpg"><img decoding="async" class="aligncenter wp-image-3477 size-full" src="http://www.von-dehn.de/site/wp-content/uploads/2015/01/Kaiser-Ruprecht.jpg" alt="Kaiser Ruprecht" width="202" height="345" srcset="http://www.von-dehn.de/site/wp-content/uploads/2015/01/Kaiser-Ruprecht-175x300.jpg 175w, http://www.von-dehn.de/site/wp-content/uploads/2015/01/Kaiser-Ruprecht.jpg 202w" sizes="(max-width: 202px) 100vw, 202px" /></a></p>
<address style="text-align: center;">An Wenzels Statt Herr Ruprecht ward<br />
Der Kurfürst von der Pfalz erwählt:<br />
Ein Mann von edler Denkungsart,<br />
Gelehrt zugleich und Kriegesheld.</address>
<address style="text-align: center;"> </address>
<address style="text-align: center;">Vor seiner Wahl zum Kaiser thät</address>
<address style="text-align: center;">Er schon die Universität<br />
Im schönen Heidelberg begründen,<br />
Die laut bald seinen Ruhm that künden.</address>
<address style="text-align: center;"> </address>
<address style="text-align: center;">Als Kaiser aber leider fehlt</address>
<address style="text-align: center;">Ihm Ansehn und besonders – Geld,</address>
<address style="text-align: center;">Denn dessen nicht einmal genug<br />
Hatt’ er zu seinem Krönungszug</address>
<address style="text-align: center;">Nach Rom:</address>
<address style="text-align: center;">auf diesem kam er ja<br />
Aus Geldnot nur bis Brescia.</address>
<address style="text-align: center;"> </address>
<address style="text-align: center;">Manch’ Gutes, das er sich gedacht,</address>
<address style="text-align: center;">Ob frühen Tods ward nicht vollbracht.</address>
<address style="text-align: center;"> </address>
<p style="text-align: left;">Dieser Text wurde anhand der Quelle Korrektur gelesen. Die Schreibweise folgt dem Originaltext.</p>
<p>Gefunden auf : http://de.wikisource.org/w/index.php?title=Die_deutschen_Kaiser:Wenzel_und_Ruprecht_von_der_Pfalz&amp;action=info</p>
<hr />
<h2><strong><em><span style="color: #993300;"><a href="http://www.von-dehn.de/site/wp-content/uploads/2014/04/AutogrammkarteGunda.png"><img decoding="async" class="alignleft wp-image-3171 size-thumbnail" src="http://www.von-dehn.de/site/wp-content/uploads/2014/04/AutogrammkarteGunda-150x150.png" alt="AutogrammkarteGunda" width="150" height="150" srcset="http://www.von-dehn.de/site/wp-content/uploads/2014/04/AutogrammkarteGunda-66x66.png 66w, http://www.von-dehn.de/site/wp-content/uploads/2014/04/AutogrammkarteGunda-150x150.png 150w" sizes="(max-width: 150px) 100vw, 150px" /></a>Hinweis: Roman &#8222;Chroniken der tom Brook&#8220;</span></em></strong></h2>
<h4><span style="color: #800000;">Band I-IV &#8222;Chroniken der tom Brook&#8220; Download bei versch. Anbietern</span></h4>
<p>http://www.hugendubel.de/de/ebook/gunda_von_dehn-chroniken_der_tom_brook-29133974-produkt-details.html</p>
<h4><span style="color: #0000ff;">Band II &#8222;Chroniken der tom Brook&#8220;: <a class="moz-txt-link-freetext" style="color: #0000ff;" href="http://store.kobobooks.com/de-DE/ebook/chroniken-der-tom-brook-1">http://store.kobobooks.com/de-DE/ebook/chroniken-der-tom-brook-1</a></span></h4>
<hr />
<p>Letzte Änderungen 05.10.2023</p>
<hr />

<p> © &#8211; Gunda von Dehn &#8211; Sequenz &#8222;Jung Ritter&#8230;&#8220; Herr Wenzel – mit drei Jahren schon Erhoben auf den Königsthron Von Böhmen – von den Wählern wird Auch für den deutschen Thron gekürt,   Als seines Vaters würd’gen Erben, Da Karl der Vierte kam zu sterben. Der Jagdlust und dem Trunk ergeben Vertobte er sein [&hellip;]</p>
