{"id":2619,"date":"2014-09-29T14:38:36","date_gmt":"2014-09-29T12:38:36","guid":{"rendered":"http:\/\/www.von-dehn.de\/site\/?page_id=2619"},"modified":"2023-10-05T22:50:52","modified_gmt":"2023-10-05T20:50:52","slug":"graf-tilly","status":"publish","type":"page","link":"http:\/\/www.von-dehn.de\/site\/friesen-und-freiheit\/graf-tilly\/","title":{"rendered":"Graf Tilly"},"content":{"rendered":"<div id=\"fb-root\"><\/div>\n<audio class=\"wp-audio-shortcode\" id=\"audio-2619-1\" autoplay preload=\"none\" style=\"width: 100%;\" controls=\"controls\"><source type=\"audio\/mpeg\" src=\"http:\/\/www.von-dehn.de\/site\/wp-content\/uploads\/2014\/04\/02-Trommeln-u.Trompeten.mp3?_=1\" \/><a href=\"http:\/\/www.von-dehn.de\/site\/wp-content\/uploads\/2014\/04\/02-Trommeln-u.Trompeten.mp3\">http:\/\/www.von-dehn.de\/site\/wp-content\/uploads\/2014\/04\/02-Trommeln-u.Trompeten.mp3<\/a><\/audio>\n<h4 style=\"text-align: right;\">\u00a0<span style=\"color: #800000;\">\u00a0\u00a9 &#8211; Gunda v. Dehn &#8211; aus meinem Musical &#8222;Gel\u00f6bnis unterm Sternenzelt&#8220; bzw. &#8222;Tilly in Oldenburg&#8220;<\/span><\/h4>\n<div id=\"attachment_2628\" style=\"width: 258px\" class=\"wp-caption aligncenter\"><a href=\"http:\/\/www.von-dehn.de\/site\/wp-content\/uploads\/2014\/09\/Tilly.png\"><img decoding=\"async\" aria-describedby=\"caption-attachment-2628\" class=\"wp-image-2628 \" src=\"http:\/\/www.von-dehn.de\/site\/wp-content\/uploads\/2014\/09\/Tilly-223x300.png\" alt=\"Tilly\" width=\"248\" height=\"333\" srcset=\"http:\/\/www.von-dehn.de\/site\/wp-content\/uploads\/2014\/09\/Tilly-223x300.png 223w, http:\/\/www.von-dehn.de\/site\/wp-content\/uploads\/2014\/09\/Tilly.png 460w\" sizes=\"(max-width: 248px) 100vw, 248px\" \/><\/a><p id=\"caption-attachment-2628\" class=\"wp-caption-text\">Johann t&#8217;Serclaes de Tilly, Stich von Pieter de Jode d. \u00c4.<\/p><\/div>\n<p style=\"text-align: center;\">Die Familie\u00a0<span style=\"color: #993300;\"><strong> t&#8217;Serclaes\u00a0<\/strong><\/span><\/p>\n<h3 class=\"zenoTXul\"><span style=\"color: #800000;\">T&#8217;Serclaes-(Tzerelas)-Tilly<\/span><\/h3>\n<p class=\"zenoTXul\">war ein sehr altes Adelsgeschlecht (Haus Brabant). Mit Johann dem \u00c4lteren \u2019t Serclaes auf Tilly (+1473) beginnt die ununterbrochene Stammreihe.<\/p>\n<p>Erhebung in den Reichsgrafenstand am 13.09.1622: <strong><span style=\"color: #993300;\">Johann \u2019t Serclaes de Tilly<\/span> <\/strong>(1559 +1632) <span style=\"color: #993300;\">und<\/span> <span style=\"color: #993300;\">dessen Bruder<\/span> <strong><span style=\"color: #993300;\">Jakob t&#8217;Serclaes de Tilly<\/span><\/strong> (ca.1555 +vor 1626) zu Preiteneck (d.i. Breitenbrunn in der Oberpfalz). <span style=\"color: #993300;\"><strong>Jakob t&#8217;Serclaes de Tilly <\/strong><span style=\"color: #000000;\">erbte das Amt des<\/span><\/span> Erb-Seneschalls der Grafschaft Namur von seinem Vater.<\/p>\n<p><strong><span style=\"color: #993300;\">Jakob<\/span><\/strong> war verheiratet mit<\/p>\n<p><strong><span style=\"color: #993300;\"><em><span style=\"text-decoration: underline;\">Dorothea Gr\u00e4fin von Ostfriesland<\/span><\/em>, Tochter von <span style=\"text-decoration: underline;\">Maximilian Graf von Ostfriesland<\/span><\/span> <\/strong>(dessen Mutter war Dorothea, eine ill. Tochter von Kaiser Maximilian I. \/ Habsburger)<\/p>\n<p><span style=\"color: #993300;\">Kinder von <strong>Jakob t&#8217;Serclaes de Tilly<\/strong>:<\/span><\/p>\n<ul>\n<li><span style=\"color: #993300;\"><strong>Ernst Emmerich<\/strong><\/span> <strong><span style=\"color: #993300;\">Graf von Tilly<\/span> <\/strong>(\u2020 1675) war in 1. Ehe mit <span style=\"color: #993300;\">Klara Katharina Gr\u00e4fin von Lamberg <\/span><span style=\"color: #000000;\">verheiratet und <\/span>in 2. Ehe mit <span style=\"color: #993300;\">Maria Anna Theresia Freiin von Hasslang<\/span><\/li>\n<li><strong><span style=\"color: #993300;\">Georg Christoph Graf von Tilly<\/span><\/strong> heiratete <span style=\"color: #993300;\">Katharina Gr\u00e4fin von Montfort (<\/span>?), deren Sohn Anton Ferdinand Graf von Tilly starb ohne Nachkommen<\/li>\n<li><strong><span style=\"color: #993300;\">Ferdinand Laurenz Graf von Tilly<\/span><\/strong> (+1724 &#8211; letzter bekannter Namenstr\u00e4ger)<\/li>\n<li><strong><span style=\"color: #993300;\">Elisabeth Appolonia Gr\u00e4fin von Tilly<\/span> <\/strong>(+1653); 1. Ehe mit Christoph Ferdinand Popel Freiherr von Lobkowicz,\u00a0 2. Ehe mit Wilhelm Albrecht Graf von Kolowrat-Krakowsky(1)<\/li>\n<\/ul>\n<p><strong><span style=\"color: #993300;\">Johann \u2019t Serclaes de Tilly<\/span><\/strong> (1559\u20131632) war Feldmarschall der katholischen Liga im 30-j\u00e4hr. Krieg<\/p>\n<p><strong><span style=\"color: #993300;\">Johann \u2019t Serclaes de Tilly<\/span><\/strong> *Februar 1559 auf Schloss Tilly \/ Brabant (30 km entfernt von Br\u00fcssel) war der <span style=\"color: #993300;\">Sohn<\/span> von <span style=\"color: #993300;\">Martin t&#8217;Serclaes <span style=\"color: #000000;\">(+1597)<\/span><\/span> auf <span style=\"color: #993300;\">Montigny<\/span> und <span style=\"color: #993300;\">Balatre<\/span>, <span style=\"color: #993300;\">Erb-Seneschall der Grafschaft Namur, kaiserl. Hofkriegsrat und General,<\/span> verh. mit <span style=\"color: #993300;\">Dorothea von Schierstedt<\/span> (Tochter des Meinhard des \u00c4lteren von Schierstedt) und <span style=\"color: #993300;\">Enkel des Jakob t&#8216; Serclaes<\/span> <span style=\"color: #993300;\">auf Montigny, Erb-Seneschall der Grafschaft Namur <\/span>(+1555), verehelicht mit Maria de Bossime (Bossimel) auf Balatre, Tochter des Sieur de Bossimel, Erb-Seneschall der Grafschaft Namur und der Mabille de Crehen.<\/p>\n<hr \/>\n<h4>Der \u201eDom von St. Marien\u201c geh\u00f6rte offenbar zum Besitztum der Herz\u00f6ge von <strong>Brabant.<\/strong><\/h4>\n<p>\u201e<strong>Marienhove<\/strong>\u201c (heute &#8222;Marienhafe&#8220;) hat laut Genealogie der t\u2019Serclaes (Graf Tilly \u2013 Flandern\/Brabant) vormals zu deren Besitzungen geh\u00f6rt.<\/p>\n<p>Nicolaus Rittershusen schreibt dazu im Jahr <strong>1638 <\/strong>im Vorwort seiner Widmung f\u00fcr den <strong>Grafen Tilly<\/strong>: \u201e<em>Welche Dienste haben nicht auch deren Nachkommen Karl d. Gr. geleistet? Die diesbez\u00fcgliche Bedeutung ist immer auch bemerkenswert gewesen, wie die gro\u00dfe Zahl von Landbesitz in Ostfriesland anzeigt, womit sie sich durch das Geschenk dieses gro\u00dfen Monarchen belohnt gewusst haben, wie von Marienhove, wo eure Ahnen begraben sind<\/em> (tats\u00e4chlich gab es im Dom eine Grabst\u00e4tte)&#8230;<em>\u201c<br \/>\n<\/em><\/p>\n<p>Somit waren zu jener Zeit die Vorg\u00e4nge noch relativ gegenw\u00e4rtig.\u00a0 Dieses frs. Gebiet geh\u00f6rte urspr\u00fcnglich zum s\u00e4chsischen Eigengut, welches als <strong>Lehen<\/strong> an <strong>Brabant<\/strong> bzw. als <strong>Afterlehen<\/strong> an <strong>Holland<\/strong> vergeben war (durch polit. Gegebenheiten traten hier zwischenzeitlich diverse Ver\u00e4nderungen ein).<\/p>\n<hr \/>\n<p>(1) s. <span style=\"color: #000000;\"><a style=\"color: #000000;\" title=\"Roman von Proch\u00e1zka\" href=\"http:\/\/de.wikipedia.org\/wiki\/Roman_von_Proch%C3%A1zka\">Proch\u00e1zka<\/a><\/span>: Gen. Handb. erlosch. b\u00f6hm. Herrenstandsfam., Erg\u00e4nzungsbd. Hrsg. Coll.Carolinum, Verlag Oldenbourg M\u00fcnchen 1990<\/p>\n<hr \/>\n<h2><em><span style=\"color: #993300;\"><a href=\"http:\/\/www.von-dehn.de\/site\/wp-content\/uploads\/2014\/04\/AutogrammkarteGunda.png\"><img decoding=\"async\" class=\"alignleft wp-image-3171 size-thumbnail\" src=\"http:\/\/www.von-dehn.de\/site\/wp-content\/uploads\/2014\/04\/AutogrammkarteGunda-150x150.png\" alt=\"AutogrammkarteGunda\" width=\"150\" height=\"150\" srcset=\"http:\/\/www.von-dehn.de\/site\/wp-content\/uploads\/2014\/04\/AutogrammkarteGunda-66x66.png 66w, http:\/\/www.von-dehn.de\/site\/wp-content\/uploads\/2014\/04\/AutogrammkarteGunda-150x150.png 150w\" sizes=\"(max-width: 150px) 100vw, 150px\" \/><\/a><\/span><\/em><\/h2>\n<h2><em><span style=\"color: #993300;\">Hinweis: Roman &#8222;Chroniken der tom Brook&#8220;<\/span><\/em><\/h2>\n<h4><span style=\"color: #800000;\">Band I-IV &#8222;Chroniken der tom Brook&#8220;<\/span><span style=\"color: #0000ff;\"> Download bei versch. Anbietern<\/span><\/h4>\n<p>http:\/\/www.hugendubel.de\/de\/ebook\/gunda_von_dehn-chroniken_der_tom_brook-29133974-produkt-details.html<\/p>\n<h4><span style=\"color: #800000;\">Band II &#8222;Chroniken der tom Brook &#8211; Das Erbe&#8220;:<\/span> <span style=\"color: #0000ff;\"><a class=\"moz-txt-link-freetext\" style=\"color: #0000ff;\" href=\"http:\/\/store.kobobooks.com\/de-DE\/ebook\/chroniken-der-tom-brook-1\">http:\/\/store.kobobooks.com\/de-DE\/ebook\/chroniken-der-tom-brook-1<\/a><\/span><\/h4>\n<hr \/>\n<p>Letzte \u00c4nderung 01.05.2023<\/p>\n<hr \/>\n","protected":false},"excerpt":{"rendered":"<p>\u00a0\u00a0\u00a9 &#8211; Gunda v. Dehn &#8211; aus meinem Musical &#8222;Gel\u00f6bnis unterm Sternenzelt&#8220; bzw. &#8222;Tilly in Oldenburg&#8220; Die Familie\u00a0 t&#8217;Serclaes\u00a0 T&#8217;Serclaes-(Tzerelas)-Tilly war ein sehr altes Adelsgeschlecht (Haus Brabant). Mit Johann dem \u00c4lteren \u2019t Serclaes auf Tilly (+1473) beginnt die ununterbrochene Stammreihe. Erhebung in den Reichsgrafenstand am 13.09.1622: Johann \u2019t Serclaes de Tilly (1559 +1632) und dessen [&hellip;]<\/p>\n","protected":false},"author":2,"featured_media":0,"parent":34,"menu_order":9,"comment_status":"closed","ping_status":"open","template":"side-navigation.php","meta":{"footnotes":""},"class_list":["post-2619","page","type-page","status-publish","hentry"],"_links":{"self":[{"href":"http:\/\/www.von-dehn.de\/site\/wp-json\/wp\/v2\/pages\/2619","targetHints":{"allow":["GET"]}}],"collection":[{"href":"http:\/\/www.von-dehn.de\/site\/wp-json\/wp\/v2\/pages"}],"about":[{"href":"http:\/\/www.von-dehn.de\/site\/wp-json\/wp\/v2\/types\/page"}],"author":[{"embeddable":true,"href":"http:\/\/www.von-dehn.de\/site\/wp-json\/wp\/v2\/users\/2"}],"replies":[{"embeddable":true,"href":"http:\/\/www.von-dehn.de\/site\/wp-json\/wp\/v2\/comments?post=2619"}],"version-history":[{"count":43,"href":"http:\/\/www.von-dehn.de\/site\/wp-json\/wp\/v2\/pages\/2619\/revisions"}],"predecessor-version":[{"id":6956,"href":"http:\/\/www.von-dehn.de\/site\/wp-json\/wp\/v2\/pages\/2619\/revisions\/6956"}],"up":[{"embeddable":true,"href":"http:\/\/www.von-dehn.de\/site\/wp-json\/wp\/v2\/pages\/34"}],"wp:attachment":[{"href":"http:\/\/www.von-dehn.de\/site\/wp-json\/wp\/v2\/media?parent=2619"}],"curies":[{"name":"wp","href":"https:\/\/api.w.org\/{rel}","templated":true}]}}

<div id="fb-root"></div>
<audio class="wp-audio-shortcode" id="audio-2619-1" autoplay preload="none" style="width: 100%;" controls="controls"><source type="audio/mpeg" src="http://www.von-dehn.de/site/wp-content/uploads/2014/04/02-Trommeln-u.Trompeten.mp3?_=1" /><a href="http://www.von-dehn.de/site/wp-content/uploads/2014/04/02-Trommeln-u.Trompeten.mp3">http://www.von-dehn.de/site/wp-content/uploads/2014/04/02-Trommeln-u.Trompeten.mp3</a></audio>
<h4 style="text-align: right;"> <span style="color: #800000;"> © &#8211; Gunda v. Dehn &#8211; aus meinem Musical &#8222;Gelöbnis unterm Sternenzelt&#8220; bzw. &#8222;Tilly in Oldenburg&#8220;</span></h4>
<div id="attachment_2628" style="width: 258px" class="wp-caption aligncenter"><a href="http://www.von-dehn.de/site/wp-content/uploads/2014/09/Tilly.png"><img decoding="async" aria-describedby="caption-attachment-2628" class="wp-image-2628 " src="http://www.von-dehn.de/site/wp-content/uploads/2014/09/Tilly-223x300.png" alt="Tilly" width="248" height="333" srcset="http://www.von-dehn.de/site/wp-content/uploads/2014/09/Tilly-223x300.png 223w, http://www.von-dehn.de/site/wp-content/uploads/2014/09/Tilly.png 460w" sizes="(max-width: 248px) 100vw, 248px" /></a><p id="caption-attachment-2628" class="wp-caption-text">Johann t&#8217;Serclaes de Tilly, Stich von Pieter de Jode d. Ä.</p></div>
<p style="text-align: center;">Die Familie <span style="color: #993300;"><strong> t&#8217;Serclaes </strong></span></p>
<h3 class="zenoTXul"><span style="color: #800000;">T&#8217;Serclaes-(Tzerelas)-Tilly</span></h3>
<p class="zenoTXul">war ein sehr altes Adelsgeschlecht (Haus Brabant). Mit Johann dem Älteren ’t Serclaes auf Tilly (+1473) beginnt die ununterbrochene Stammreihe.</p>
<p>Erhebung in den Reichsgrafenstand am 13.09.1622: <strong><span style="color: #993300;">Johann ’t Serclaes de Tilly</span> </strong>(1559 +1632) <span style="color: #993300;">und</span> <span style="color: #993300;">dessen Bruder</span> <strong><span style="color: #993300;">Jakob t&#8217;Serclaes de Tilly</span></strong> (ca.1555 +vor 1626) zu Preiteneck (d.i. Breitenbrunn in der Oberpfalz). <span style="color: #993300;"><strong>Jakob t&#8217;Serclaes de Tilly </strong><span style="color: #000000;">erbte das Amt des</span></span> Erb-Seneschalls der Grafschaft Namur von seinem Vater.</p>
<p><strong><span style="color: #993300;">Jakob</span></strong> war verheiratet mit</p>
<p><strong><span style="color: #993300;"><em><span style="text-decoration: underline;">Dorothea Gräfin von Ostfriesland</span></em>, Tochter von <span style="text-decoration: underline;">Maximilian Graf von Ostfriesland</span></span> </strong>(dessen Mutter war Dorothea, eine ill. Tochter von Kaiser Maximilian I. / Habsburger)</p>
<p><span style="color: #993300;">Kinder von <strong>Jakob t&#8217;Serclaes de Tilly</strong>:</span></p>
<ul>
<li><span style="color: #993300;"><strong>Ernst Emmerich</strong></span> <strong><span style="color: #993300;">Graf von Tilly</span> </strong>(† 1675) war in 1. Ehe mit <span style="color: #993300;">Klara Katharina Gräfin von Lamberg </span><span style="color: #000000;">verheiratet und </span>in 2. Ehe mit <span style="color: #993300;">Maria Anna Theresia Freiin von Hasslang</span></li>
<li><strong><span style="color: #993300;">Georg Christoph Graf von Tilly</span></strong> heiratete <span style="color: #993300;">Katharina Gräfin von Montfort (</span>?), deren Sohn Anton Ferdinand Graf von Tilly starb ohne Nachkommen</li>
<li><strong><span style="color: #993300;">Ferdinand Laurenz Graf von Tilly</span></strong> (+1724 &#8211; letzter bekannter Namensträger)</li>
<li><strong><span style="color: #993300;">Elisabeth Appolonia Gräfin von Tilly</span> </strong>(+1653); 1. Ehe mit Christoph Ferdinand Popel Freiherr von Lobkowicz,  2. Ehe mit Wilhelm Albrecht Graf von Kolowrat-Krakowsky(1)</li>
</ul>
<p><strong><span style="color: #993300;">Johann ’t Serclaes de Tilly</span></strong> (1559–1632) war Feldmarschall der katholischen Liga im 30-jähr. Krieg</p>
<p><strong><span style="color: #993300;">Johann ’t Serclaes de Tilly</span></strong> *Februar 1559 auf Schloss Tilly / Brabant (30 km entfernt von Brüssel) war der <span style="color: #993300;">Sohn</span> von <span style="color: #993300;">Martin t&#8217;Serclaes <span style="color: #000000;">(+1597)</span></span> auf <span style="color: #993300;">Montigny</span> und <span style="color: #993300;">Balatre</span>, <span style="color: #993300;">Erb-Seneschall der Grafschaft Namur, kaiserl. Hofkriegsrat und General,</span> verh. mit <span style="color: #993300;">Dorothea von Schierstedt</span> (Tochter des Meinhard des Älteren von Schierstedt) und <span style="color: #993300;">Enkel des Jakob t&#8216; Serclaes</span> <span style="color: #993300;">auf Montigny, Erb-Seneschall der Grafschaft Namur </span>(+1555), verehelicht mit Maria de Bossime (Bossimel) auf Balatre, Tochter des Sieur de Bossimel, Erb-Seneschall der Grafschaft Namur und der Mabille de Crehen.</p>
<hr />
<h4>Der „Dom von St. Marien“ gehörte offenbar zum Besitztum der Herzöge von <strong>Brabant.</strong></h4>
<p>„<strong>Marienhove</strong>“ (heute &#8222;Marienhafe&#8220;) hat laut Genealogie der t’Serclaes (Graf Tilly – Flandern/Brabant) vormals zu deren Besitzungen gehört.</p>
<p>Nicolaus Rittershusen schreibt dazu im Jahr <strong>1638 </strong>im Vorwort seiner Widmung für den <strong>Grafen Tilly</strong>: „<em>Welche Dienste haben nicht auch deren Nachkommen Karl d. Gr. geleistet? Die diesbezügliche Bedeutung ist immer auch bemerkenswert gewesen, wie die große Zahl von Landbesitz in Ostfriesland anzeigt, womit sie sich durch das Geschenk dieses großen Monarchen belohnt gewusst haben, wie von Marienhove, wo eure Ahnen begraben sind</em> (tatsächlich gab es im Dom eine Grabstätte)&#8230;<em>“<br />
</em></p>
<p>Somit waren zu jener Zeit die Vorgänge noch relativ gegenwärtig.  Dieses frs. Gebiet gehörte ursprünglich zum sächsischen Eigengut, welches als <strong>Lehen</strong> an <strong>Brabant</strong> bzw. als <strong>Afterlehen</strong> an <strong>Holland</strong> vergeben war (durch polit. Gegebenheiten traten hier zwischenzeitlich diverse Veränderungen ein).</p>
<hr />
<p>(1) s. <span style="color: #000000;"><a style="color: #000000;" title="Roman von Procházka" href="http://de.wikipedia.org/wiki/Roman_von_Proch%C3%A1zka">Procházka</a></span>: Gen. Handb. erlosch. böhm. Herrenstandsfam., Ergänzungsbd. Hrsg. Coll.Carolinum, Verlag Oldenbourg München 1990</p>
<hr />
<h2><em><span style="color: #993300;"><a href="http://www.von-dehn.de/site/wp-content/uploads/2014/04/AutogrammkarteGunda.png"><img decoding="async" class="alignleft wp-image-3171 size-thumbnail" src="http://www.von-dehn.de/site/wp-content/uploads/2014/04/AutogrammkarteGunda-150x150.png" alt="AutogrammkarteGunda" width="150" height="150" srcset="http://www.von-dehn.de/site/wp-content/uploads/2014/04/AutogrammkarteGunda-66x66.png 66w, http://www.von-dehn.de/site/wp-content/uploads/2014/04/AutogrammkarteGunda-150x150.png 150w" sizes="(max-width: 150px) 100vw, 150px" /></a></span></em></h2>
<h2><em><span style="color: #993300;">Hinweis: Roman &#8222;Chroniken der tom Brook&#8220;</span></em></h2>
<h4><span style="color: #800000;">Band I-IV &#8222;Chroniken der tom Brook&#8220;</span><span style="color: #0000ff;"> Download bei versch. Anbietern</span></h4>
<p>http://www.hugendubel.de/de/ebook/gunda_von_dehn-chroniken_der_tom_brook-29133974-produkt-details.html</p>
<h4><span style="color: #800000;">Band II &#8222;Chroniken der tom Brook &#8211; Das Erbe&#8220;:</span> <span style="color: #0000ff;"><a class="moz-txt-link-freetext" style="color: #0000ff;" href="http://store.kobobooks.com/de-DE/ebook/chroniken-der-tom-brook-1">http://store.kobobooks.com/de-DE/ebook/chroniken-der-tom-brook-1</a></span></h4>
<hr />
<p>Letzte Änderung 01.05.2023</p>
<hr />

<p>  © &#8211; Gunda v. Dehn &#8211; aus meinem Musical &#8222;Gelöbnis unterm Sternenzelt&#8220; bzw. &#8222;Tilly in Oldenburg&#8220; Die Familie  t&#8217;Serclaes  T&#8217;Serclaes-(Tzerelas)-Tilly war ein sehr altes Adelsgeschlecht (Haus Brabant). Mit Johann dem Älteren ’t Serclaes auf Tilly (+1473) beginnt die ununterbrochene Stammreihe. Erhebung in den Reichsgrafenstand am 13.09.1622: Johann ’t Serclaes de Tilly (1559 +1632) und dessen [&hellip;]</p>
