{"id":21,"date":"2022-12-22T12:17:25","date_gmt":"2022-12-22T10:17:25","guid":{"rendered":"http:\/\/www.von-dehn.de\/site\/?page_id=21"},"modified":"2024-06-03T16:55:49","modified_gmt":"2024-06-03T14:55:49","slug":"home","status":"publish","type":"page","link":"http:\/\/www.von-dehn.de\/site\/","title":{"rendered":"Chroniken der tom Brook"},"content":{"rendered":"<div id=\"fb-root\"><\/div>\n<audio class=\"wp-audio-shortcode\" id=\"audio-21-1\" preload=\"none\" style=\"width: 100%;\" controls=\"controls\"><source type=\"audio\/mpeg\" src=\"http:\/\/www.von-dehn.de\/site\/wp-content\/uploads\/2014\/04\/Erinnerungen-fu\u0308r-MP3_cap.mp3?_=1\" \/><a href=\"http:\/\/www.von-dehn.de\/site\/wp-content\/uploads\/2014\/04\/Erinnerungen-fu\u0308r-MP3_cap.mp3\">http:\/\/www.von-dehn.de\/site\/wp-content\/uploads\/2014\/04\/Erinnerungen-fu\u0308r-MP3_cap.mp3<\/a><\/audio>\n<p style=\"text-align: right;\">\u00a0\u00a9 Gunda von Dehn: &#8222;Erinnerungen&#8220;<\/p>\n<div class=\"one_fourth\">\n<div class=\"person\"><img decoding=\"async\" class=\"person-img\" src=\"http:\/\/www.von-dehn.de\/site\/wp-content\/uploads\/2014\/04\/GundaVonDehn.png\" alt=\"Gunda von Dehn\" \/><div class=\"person-desc\"><div class=\"person-author person-author-light clearfix\"><div class=\"person-author-wrapper\"><span class=\"person-name\">Gunda von Dehn<\/span><span class=\"person-title\"><\/span><\/div><span class=\"social-icon\"><a href=\"mailto:Gunda-von-Dehn@t-online.de\" target=\"_self\" class=\"email\">Email<\/a><div class=\"popup\">\n\t\t\t\t\t\t<div class=\"holder\">\n\t\t\t\t\t\t\t<p>Email<\/p>\n\t\t\t\t\t\t<\/div>\n\t\t\t\t\t<\/div><\/span><div class=\"clear\"><\/div><\/div><div class=\"person-content\"><\/div><\/div><\/div><\/div>\n<h3>Zun\u00e4chst m\u00f6chte ich mich vorstellen:<\/h3>\n<p>Mein Name ist Gunda von Dehn, Unternehmerin i. R. Das Foto (oben links) zeigt mich als junge Frau, weil das jene Zeit gewesen ist, in der ich nebenberuflich mit meiner schriftstellerischen T\u00e4tigkeit begonnen habe. Damals war ich noch aufgrund meiner kfm. Ausbildung in verschiedenen Unternehmen (Krankenkasse; Stra\u00dfen- und Tiefbau, Me\u00df- und Regeltechnik) als Chefsekret\u00e4rin bzw. Sachbearbeiterin t\u00e4tig, bevor ich meine Arbeit bei Gericht aufgenommen und mich dort als relativ unbequeme Personalr\u00e4tin bet\u00e4tigt habe.<\/p>\n<p>Sp\u00e4ter habe ich mich mit einem Unternehmen f\u00fcr Planung, Organisation und Optimierung von Arbeitsabl\u00e4ufen und Arbeitspl\u00e4tzen sowie Vermarktung von Schul- und B\u00fcroeinrichtungen (M\u00f6bel, B\u00fcromaschinen, PC&#8217;s\u00a0 pp.) selbst\u00e4ndig gemacht.<\/p>\n<div id=\"attachment_5937\" style=\"width: 190px\" class=\"wp-caption alignright\"><a href=\"http:\/\/www.von-dehn.de\/site\/wp-content\/uploads\/2014\/04\/Hochzeitsfoto.png\"><img decoding=\"async\" aria-describedby=\"caption-attachment-5937\" class=\"wp-image-5937 \" src=\"http:\/\/www.von-dehn.de\/site\/wp-content\/uploads\/2014\/04\/Hochzeitsfoto-205x300.png\" alt=\"Hochzeitsfoto\" width=\"180\" height=\"263\" srcset=\"http:\/\/www.von-dehn.de\/site\/wp-content\/uploads\/2014\/04\/Hochzeitsfoto-205x300.png 205w, http:\/\/www.von-dehn.de\/site\/wp-content\/uploads\/2014\/04\/Hochzeitsfoto-700x1024.png 700w, http:\/\/www.von-dehn.de\/site\/wp-content\/uploads\/2014\/04\/Hochzeitsfoto.png 1036w\" sizes=\"(max-width: 180px) 100vw, 180px\" \/><\/a><p id=\"caption-attachment-5937\" class=\"wp-caption-text\">Hochzeit 01.08.1966<\/p><\/div>\n<p style=\"text-align: left;\">Urspr\u00fcnglich aber hatte ich ein ganz anderes Ziel im Auge, ich wollte zur Oper &#8211; als Sopranistin. Daraus wurde aber nichts, weil ich zuerst einmal einen &#8222;anst\u00e4ndigen Beruf&#8220; erlernte. Als ich dann nach Hamburg h\u00e4tte gehen k\u00f6nnen, habe ich stattdessen geheiratet und bin mit meinem Mann aufs Land gezogen. Jung und naiv wie ich war, glaubte ich damals, das sei nur f\u00fcr kurze Dauer und v\u00f6llig unsch\u00e4dlich f\u00fcr die Karriere. Aber die Zeit l\u00e4uft rasend schnell davon, besonders, was derartige Berufe anbelangt. Wenn man nicht &#8222;punktgenau&#8220; landet, sind die Chancen gleich Null. Da hilft eine exzellente Ausbildung kaum. Au\u00dfenseiter-Konkurrenz ist denkbar unbeliebt bei dem erdr\u00fcckenden Star- und Sternchen-Nachwuchs.\u00a0 So geht&#8217;s halt im Leben.<\/p>\n<p><strong>M<\/strong>it Eintritt ins Rentenalter habe ich mein Unternehmen aufgegeben, weil die Gesch\u00e4ftsf\u00fchrung nicht nur furchtbar viel Pr\u00e4senz erforderte, sondern neben h\u00e4ufiger Sonntagsarbeit auch Urlaubsverzicht etc. bedeutete. Ich habe in meinem bisherigen Leben wahnsinnig viel gearbeitet und nebenbei auch noch sehr viel kostenlose Arbeit f\u00fcr verschiedene Institutionen geleistet. Aber nun lasse ich es ruhiger angehen und besch\u00e4ftige ich mich intensiver mit meinen eigenen Belangen, der Fertigstellung meiner Musicals und mit meiner Tetralogie \u00fcber die m\u00e4chtigste H\u00e4uptlingsfamilie von Ostfriesland, die &#8222;tom Brok&#8220;. Die ostfriesische Geschichte bildet den Hintergrund meiner B\u00fccher. Um m\u00f6glichst korrekte Darstellungen geben zu k\u00f6nnen, f\u00fchre ich f\u00fcr dieses Werk seit \u00fcber 50 Jahren Recherchen durch.<\/p>\n<p>Das 14.\/15. Jahrhundert war die Zeit der H\u00e4uptlinge, eine Zeit des Umbruchs, nicht zuletzt hervorgerufen durch die&#8220;<strong> tom Brok&#8220;, <\/strong>deren Stammsitz sich einst in Oldeborg \/ S\u00fcdbrookmerland befand<strong>. <\/strong>Der Leser wird viele bekannte Orte und Namen entdecken, wie z. B. Edo Wiemken, Papinga, Attena, Beninga, Ukena, Circsena, Abdena, Swanke pp. &#8211; \u00dcber einen Zeitraum von mehr als 5 Jahrzehnten habe ich neben Beruf und Familie mit Sorgfalt die Geschichte erforscht und konnte somit viele Erkenntnisse gewinnen, die in den Geschichtsb\u00fcchern z. T. unerw\u00e4hnt bleiben bzw. nicht korrekt dargestellt sind, sei es aufgrund von Lesefehlern o.a. Das resultiert daraus, dass immer wieder unbesehen aus vorhandenen Vorlagen \u00fcbernommen wird oder gar etwas hinzu &#8222;erdacht&#8220; wird, was irgendwann als logisch erachtet wurde. Manchmal fragt man sich konsterniert: &#8222;Wie kann es angehen, dass da so etwas steht?&#8220; Nun, kein hauptberuflicher Historiker kann sich gen\u00fcgend Zeit nehmen, um die Quellen einer Pr\u00fcfung zu unterziehen. Es g\u00e4be kein &#8222;Voran&#8220;. So etwas kann man halt nur nebenberuflich tun, was aber dennoch zu Fehlinterpretationen f\u00fchren kann, denn bekanntlicherweise ist niemand unfehlbar.<\/p>\n<p>Nebenbei: Nicht nur Lese- bzw. \u00dcbersetzungsfehler f\u00fchren vielfach zu Wortverunstaltungen und Fehlinterpretationen. Hierzu beigetragen hat in gro\u00dfem Ma\u00dfe die Vereinheitlichung der dt. Sprache. Die letzte sog. &#8222;Reform&#8220; hat einen weiteren Kahlschlag hervorgerufen. Das war hochgradig fahrl\u00e4ssig, um es milde auszudr\u00fccken. &#8211; Arch\u00e4ologen, Sprachwissenschaftlern und Historikern pp. m\u00fcssen die Haare zu Berge gestanden haben. &#8211; Und das nur, um den Verlagen h\u00f6here Einnahmen zu verschaffen! Nur eine tote Sprache ver\u00e4ndert sich nicht, lebendige Sprachen unterliegen mehr oder weniger stark dem Wandel; derartige &#8222;Reformen&#8220; sind aber nicht nur v\u00f6llig \u00fcberfl\u00fcssig, sondern sch\u00e4dlich. &#8211; Wortverunstaltungen sind selbstverst\u00e4ndlich auch nat\u00fcrlichen Ursprungs, weil Wissen verloren geht. Durch Sprachverwirrungen entstehen nat\u00fcrlicherweise Fehler. Das l\u00e4\u00dft sich vielfach belegen. Ich nenne hier nur 3 kleine Beispiele:<\/p>\n<ul>\n<li>Aus &#8222;<span style=\"color: #0000ff;\"><strong>Plau<\/strong><\/span>&#8220; bzw. &#8222;Plauen&#8220; = &#8222;Sumpf \/ S\u00fcmpfe&#8220; wurde &#8222;Blau&#8220; (siehe hierzu &#8222;Forlitz-Blaukirchen&#8220;, eine Kirche, die sogar im Sumpf (in den &#8222;Plauen&#8220; also) versank, aber heute als Kirchenmodell mit <span style=\"color: #0000ff;\"><strong>blauem<\/strong><\/span> <strong><span style=\"color: #0000ff;\">Dach<\/span><\/strong> dargestellt ist. &#8211; Daf\u00fcr ein weiteres Beispiel: Der Ort &#8222;<span style=\"color: #0000ff;\"><strong>Blauhand<\/strong>&#8222;<\/span> kurz vor Wilhelmshaven. Da wird allen Ernstes behauptet, es habe dort ein F\u00e4rber gehaust.\u00a0 Nein, es ist ein Sumpfgebiet (<strong><span style=\"color: #0000ff;\">Plau<\/span><\/strong>) gewesen, welches die grobe Form einer Hand aufwies, noch heute problemlos nachvollziehbar. Gleiches gilt f\u00fcr die Residenz Oldenburg, wo im Mittelalter der Graf am Festungsgraben bei der alten Hunte das <span style=\"color: #0000ff;\">Zollhaus<\/span> in der &#8222;<span style=\"color: #0000ff;\">Plau<\/span>&#8220; errichten lie\u00df. Heute hei\u00dft es, das Zollhaus habe ein Schieferdach gehabt und ist deshalb &#8222;<span style=\"color: #0000ff;\">Blauhaus<\/span>&#8220; genannt worden. Nein, es wurde am Rande des Sumpfgebietes, der &#8222;<span style=\"color: #0000ff;\">Plau<\/span>&#8220; n\u00e4mlich,\u00a0 platziert.<\/li>\n<li>Als 2. Beispiel m\u00f6chte ich nennen das Wort\u00a0 &#8222;Krum&#8220; = Handelsplatz der Wikinger, was mit dem Wort &#8222;Kr\u00fcmmung&#8220; an sich nichts zu tun hat, noch heute in Skandinavien so genannt (siehe hierzu Web-Seite Brookmerland \/Geschichte \/ Frieslands Herrscher). Daraus wurde also &#8222;krumm&#8220;.\u00a0 Die Krum(m)h\u00f6rn oder z. B. der Krum(m)acker waren dazumal Anker- bzw. Handelspl\u00e4tze. An der K\u00fcstenlinie der Krum(m)h\u00f6rn reihte sich Handelsplatz an Handelsplatz, noch heute sichtbar durch die Reihe der D\u00f6rfer.<\/li>\n<li>Als 3. Beispiel nenne ich &#8222;Hamm&#8220;. Ein Wiesen\/Weide-Gebiet wurde Hamrich oder &#8211; abgek\u00fcrzt &#8211; &#8222;Ham(m)&#8220; genannt, nicht nur in Ostfriesland, wie zeitweise behauptet wird. In dem damals stark bewaldeten Germanien bedeuteten Weiden und Wiesen markante Gel\u00e4ndepunkte. Das bedeutet: alle Ortschaften, welche die Silbe &#8222;ham&#8220; beinhalten, gehen darauf zur\u00fcck und nicht auf den Namen irgendwelcher imagin\u00e4ren &#8222;Gr\u00fcnder&#8220;, auch nicht auf den Schafsbock &#8222;Hammel&#8220;. Beispiele: Hamburg, Hameln, Nordenham,\u00a0 Hambr\u00fccken, Hamm, Hamweddel, Hammelwarden, Hammelburg pp. &#8211;<\/li>\n<li>Wie die Silbe &#8222;Ham&#8220; bei Ortsnamen, so gehen auch die Ortsnamen mit &#8222;Essen&#8220; zur\u00fcck auf die Herrschaft der D\u00e4nen bzw. Skandinavier: Esslingen, Essen, Esens, Haroldessen, Aldessen etc.<\/li>\n<\/ul>\n<p>&#8211; Das Thema der <strong>H\u00e4uptlingsfamilie &#8222;tom Brok&#8220;<\/strong> reizte mich au\u00dferdem zu vielf\u00e4ltigen anderen Aktivit\u00e4ten. So entstand zum Beispiel eine Reihe von Theaterst\u00fccken bzw. Musicals f\u00fcr gro\u00dfe und kleine B\u00fchnen (auch Freilichtb\u00fchnen) aus meiner Feder. Einige Kostproben meiner Kompositionen k\u00f6nnen sie auf den nachfolgenden Webseiten anh\u00f6ren (Pfeil links oben anklicken, Lautst\u00e4rke rechts einstellbar).<\/p>\n<p>&#8211; Band I, II, III, IV der &#8222;Chroniken der tom Brook&#8220; k\u00f6nnen Sie bei <strong>Kobo <\/strong>u.v.a. Anbietern herunterladen. Ich biete die sehr umfangreichen B\u00fccher zum einmalig g\u00fcnstigen Sonderpreis an, und das bei einem Umfang von bis zu 760 Buchseiten. Im Laden kosten die B\u00fccher das Doppelte! (Achtung: beim Download reduziert sich die Seitenzahl &#8211; Link siehe unten)<\/p>\n<p>Bezogen auf meine Erfolge, wurde ich neulich gefragt, welches das sch\u00f6nste Erlebnis gewesen sei. Da musste ich nicht lange nachdenken: Das war, als meine Mutter mein erstes Roman-Manuskript (&#8222;Die tom Brook&#8220;) gelesen hatte und total begeistert war. Daran denke ich noch heute gern zur\u00fcck.<\/p>\n<p>\u00dcbrigens, so merkw\u00fcrdig sich das anh\u00f6ren mag, mein Vater entstammte tats\u00e4chlich dem Geschlecht der Freiherren von M\u00fcnchhausen. M\u00f6glicherweise habe ich von dort mein literarisches Talent geerbt! Ich habe nur ein einziges Foto von meinem Vater (s. rechts)<a href=\"http:\/\/www.von-dehn.de\/site\/wp-content\/uploads\/2024\/06\/Guenther-Heineckmein-Vater-2-e1717421697163.jpg\"><img decoding=\"async\" class=\" wp-image-7155 alignright\" src=\"http:\/\/www.von-dehn.de\/site\/wp-content\/uploads\/2024\/06\/Guenther-Heineckmein-Vater-2-e1717421697163-210x300.jpg\" alt=\"\" width=\"145\" height=\"207\" srcset=\"http:\/\/www.von-dehn.de\/site\/wp-content\/uploads\/2024\/06\/Guenther-Heineckmein-Vater-2-e1717421697163-210x300.jpg 210w, http:\/\/www.von-dehn.de\/site\/wp-content\/uploads\/2024\/06\/Guenther-Heineckmein-Vater-2-e1717421697163-718x1024.jpg 718w, http:\/\/www.von-dehn.de\/site\/wp-content\/uploads\/2024\/06\/Guenther-Heineckmein-Vater-2-e1717421697163-768x1096.jpg 768w, http:\/\/www.von-dehn.de\/site\/wp-content\/uploads\/2024\/06\/Guenther-Heineckmein-Vater-2-e1717421697163.jpg 832w\" sizes=\"(max-width: 145px) 100vw, 145px\" \/><\/a><\/p>\n<p>Mein Vater stammte aus Flensburg und wurde irgendwann Marineoffizier auf einem<a href=\"http:\/\/www.von-dehn.de\/site\/wp-content\/uploads\/2024\/06\/Muenchhausen-Hieronimus-von-Muenchh_Vorfahr_meines-Vaters.jpg\"><img decoding=\"async\" class=\"wp-image-7159 alignleft\" src=\"http:\/\/www.von-dehn.de\/site\/wp-content\/uploads\/2024\/06\/Muenchhausen-Hieronimus-von-Muenchh_Vorfahr_meines-Vaters-226x300.jpg\" alt=\"\" width=\"179\" height=\"237\" srcset=\"http:\/\/www.von-dehn.de\/site\/wp-content\/uploads\/2024\/06\/Muenchhausen-Hieronimus-von-Muenchh_Vorfahr_meines-Vaters-226x300.jpg 226w, http:\/\/www.von-dehn.de\/site\/wp-content\/uploads\/2024\/06\/Muenchhausen-Hieronimus-von-Muenchh_Vorfahr_meines-Vaters.jpg 542w\" sizes=\"(max-width: 179px) 100vw, 179px\" \/><\/a> U-Boot. (Eigentlich war er gelernter Elektriker.)<\/p>\n<p style=\"text-align: left;\">Unterlagen \u00fcber meine Gro\u00dfmutter <em>Klara Heineck u. meine Tante Karla<\/em> (Schwester meines Vaters) habe ich mir aus Kiel schicken lassen in beglaubigter Form. Wie die Schwester meines Vaters mir erkl\u00e4rte, stammen sie und mein Vater G\u00fcnther im Ursprung von der Familie &#8222;Heinecken&#8220; ab. Heineck ist eine Nebenlinie der Heinecken.\u00a0 Heinecken wiederum ist eine Nebenlinie der Freiherren v. M\u00fcnchhausen\u00a0 (= Monik-husen). Ein Teil der Familie ist in und um Bremen beheimatet gewesen. Es gab dazumal 3 Br\u00fcder. Der \u201eL\u00fcgenbaron\u201c hatte keine Kinder. Die andern beiden Br\u00fcder hatten Kinder.<\/p>\n<p style=\"text-align: right;\">G\u00fcnther Heineck &#8211; mein Vater<\/p>\n<p><em>Ob der Fam.-Name Heynecke, Heinecke, Heineck, Heineccius oder anders geschrieben wird, ist egal, das ist alles 1 Familie und stammt ab von \u201eHeineko\u201c von\u00a0 M\u00fcnchhausen. Die Endung \u201een\u201c bei Heinecken bedeutet \u201eder Sohn von Heineck\u201c<\/em><\/p>\n<hr \/>\n<hr \/>\n<p>&#8211; Tauchen Sie ein in die schillernde Welt des Mittelalters! &#8211; Ich habe nicht wild fabuliert, sondern mich m\u00f6glichst eng an Geschichte und Lebensweise im Mittelalter gehalten. &#8211;\u00a0 Sie werden eine spannende Reise durch das Sp\u00e4tmittelalter erleben, auch wenn es nicht nur Romanzen mit Mord und Totschlag gibt &#8211; wie heutzutage \u00fcblich. Dieser historische Roman f\u00e4ngt die schillernde Welt des Mittelalters ein\u00a0\u2013\u00a0spannend, dramatisch und \u2013 wie im Mittelalter \u00fcblich \u2013 angef\u00fcllt mit l\u00fcsternen Begierden und Sinnlichkeit.<\/p>\n<p>&#8211; Als <strong>Stammsitz <\/strong>der<strong> &#8222;tom Brok&#8220;<\/strong> liegt mir das Dorf <strong>Oldeborg\u00a0<\/strong> besonders am Herzen. Wenn die ehemalige Burg in Erinnerung bleibt und ihr Standort sichtbar gemacht und gepflegt wird, dann wird die &#8222;Oll B\u00f6rg&#8220; zu einem Charaktermerkmal des Dorfes und der ganzen Region. Dies kann zu einem gro\u00dfen positiven Anziehungspunkt &#8211; besonders hinsichtlich der Urlauber &#8211; ausgebaut werden. Angesichts dieser M\u00f6glichkeiten habe ich mich im &#8222;Kulturkreis tom Brook e.V. Oldeborg&#8220; engagiert.<\/p>\n<p>Einen kleinen \u00dcberblick bzgl. Band I meiner Tetralogie bietet das folgende Interview:<\/p>\n<blockquote>\n<h4><a href=\"http:\/\/www.von-dehn.de\/site\/wp-content\/uploads\/2014\/04\/Gunda-Interview7.png\"><img decoding=\"async\" class=\"aligncenter wp-image-4334 \" src=\"http:\/\/www.von-dehn.de\/site\/wp-content\/uploads\/2014\/04\/Gunda-Interview7-1024x973.png\" alt=\"Gunda Interview7\" width=\"705\" height=\"669\" srcset=\"http:\/\/www.von-dehn.de\/site\/wp-content\/uploads\/2014\/04\/Gunda-Interview7-52x50.png 52w, http:\/\/www.von-dehn.de\/site\/wp-content\/uploads\/2014\/04\/Gunda-Interview7-300x285.png 300w, http:\/\/www.von-dehn.de\/site\/wp-content\/uploads\/2014\/04\/Gunda-Interview7-1024x973.png 1024w\" sizes=\"(max-width: 705px) 100vw, 705px\" \/><\/a><\/h4>\n<\/blockquote>\n<hr \/>\n<p><a href=\"http:\/\/www.von-dehn.de\/site\/wp-content\/uploads\/2014\/08\/ChronikenDerRitterBandII-Kopie.jpg\"><img decoding=\"async\" class=\" wp-image-6675 alignright\" src=\"http:\/\/www.von-dehn.de\/site\/wp-content\/uploads\/2014\/08\/ChronikenDerRitterBandII-Kopie-200x300.jpg\" alt=\"Red Curtain hand over white\" width=\"177\" height=\"266\" srcset=\"http:\/\/www.von-dehn.de\/site\/wp-content\/uploads\/2014\/08\/ChronikenDerRitterBandII-Kopie-200x300.jpg 200w, http:\/\/www.von-dehn.de\/site\/wp-content\/uploads\/2014\/08\/ChronikenDerRitterBandII-Kopie-683x1024.jpg 683w\" sizes=\"(max-width: 177px) 100vw, 177px\" \/><\/a><\/p>\n<h3 style=\"text-align: center;\"><strong><span style=\"color: #800000;\">Hinweis: als Download erh\u00e4ltlich: Band I-IV &#8222;Chroniken der tom Brook&#8220;<\/span><\/strong><\/h3>\n<p style=\"text-align: center;\"><span style=\"color: #0000ff;\"><a style=\"color: #0000ff;\" href=\"http:\/\/www.hugendubel.de\/de\/ebook\/gunda_von_dehn-chroniken_der_tom_brook-29133974-produkt-details.html\">http:\/\/www.hugendubel.de\/de\/ebook\/gunda_von_dehn-chroniken_der_tom_brook-29133974-produkt-details.html<\/a><\/span><\/p>\n<p style=\"text-align: center;\"><span style=\"color: #0000ff;\"><span style=\"color: #800000;\"><strong>Band II &#8222;Chroniken der tom Brook &#8211; Der Ritter&#8220;<\/strong>:<\/span> <a class=\"moz-txt-link-freetext\" style=\"color: #0000ff;\" href=\"http:\/\/store.kobobooks.com\/de-DE\/ebook\/chroniken-der-tom-brook-1\">http:\/\/store.kobobooks.com\/de-DE\/ebook\/chroniken-der-tom-brook-1<\/a><\/span><\/p>\n<p style=\"text-align: center;\"><strong><span style=\"color: #800000;\"><span style=\"color: #ff0000;\">Band III &#8211; &#8222;Chroniken der tom Brook &#8211; Piraten&#8220; jetzt zum Download auf Hugendubel, Kobo, Neobooks u.v.a. Anbietern<\/span><br \/>\n<\/span><\/strong><\/p>\n<p style=\"text-align: center;\"><strong><span style=\"color: #800000;\"> Band IV &#8222;Chroniken der tom Brook &#8211; Der Enkel\u00a0 &#8211; Griff nach den Sternen&#8220; &#8211; Downloaden bei Neobooks pp.<\/span><\/strong><\/p>\n<p style=\"text-align: center;\">\u00a0<strong><span style=\"color: #800000;\">Besuchen Sie auch meine Videos auf Facebook mit sch\u00f6nen Bildern und eigenen Musikkompositionen.<\/span><\/strong><\/p>\n<p style=\"text-align: center;\">Download der Noten + mp3-Einspielung:\u00a0 &#8222;Bis die Distel traget Rosen&#8220; unter: <span style=\"color: #ff0000;\">musicalion.com<\/span><\/p>\n<address>\n<hr \/>\n<\/address>\n<address>\n<hr \/>\n<\/address>\n<address>Letzte \u00c4nderung 05.10.2023<\/address>\n","protected":false},"excerpt":{"rendered":"<p>\u00a0\u00a9 Gunda von Dehn: &#8222;Erinnerungen&#8220; Zun\u00e4chst m\u00f6chte ich mich vorstellen: Mein Name ist Gunda von Dehn, Unternehmerin i. R. Das Foto (oben links) zeigt mich als junge Frau, weil das jene Zeit gewesen ist, in der ich nebenberuflich mit meiner schriftstellerischen T\u00e4tigkeit begonnen habe. Damals war ich noch aufgrund meiner kfm. Ausbildung in verschiedenen Unternehmen [&hellip;]<\/p>\n","protected":false},"author":2,"featured_media":0,"parent":0,"menu_order":1,"comment_status":"open","ping_status":"open","template":"","meta":{"footnotes":""},"class_list":["post-21","page","type-page","status-publish","hentry"],"_links":{"self":[{"href":"http:\/\/www.von-dehn.de\/site\/wp-json\/wp\/v2\/pages\/21","targetHints":{"allow":["GET"]}}],"collection":[{"href":"http:\/\/www.von-dehn.de\/site\/wp-json\/wp\/v2\/pages"}],"about":[{"href":"http:\/\/www.von-dehn.de\/site\/wp-json\/wp\/v2\/types\/page"}],"author":[{"embeddable":true,"href":"http:\/\/www.von-dehn.de\/site\/wp-json\/wp\/v2\/users\/2"}],"replies":[{"embeddable":true,"href":"http:\/\/www.von-dehn.de\/site\/wp-json\/wp\/v2\/comments?post=21"}],"version-history":[{"count":259,"href":"http:\/\/www.von-dehn.de\/site\/wp-json\/wp\/v2\/pages\/21\/revisions"}],"predecessor-version":[{"id":7162,"href":"http:\/\/www.von-dehn.de\/site\/wp-json\/wp\/v2\/pages\/21\/revisions\/7162"}],"wp:attachment":[{"href":"http:\/\/www.von-dehn.de\/site\/wp-json\/wp\/v2\/media?parent=21"}],"curies":[{"name":"wp","href":"https:\/\/api.w.org\/{rel}","templated":true}]}}