{"id":1714,"date":"2014-09-02T19:35:16","date_gmt":"2014-09-02T17:35:16","guid":{"rendered":"http:\/\/www.von-dehn.de\/site\/?page_id=1714"},"modified":"2023-10-05T22:38:21","modified_gmt":"2023-10-05T20:38:21","slug":"romane-tom-brook","status":"publish","type":"page","link":"http:\/\/www.von-dehn.de\/site\/die-tom-brok\/romane-tom-brook\/","title":{"rendered":"Romane &#8222;tom Brook&#8220;"},"content":{"rendered":"<div id=\"fb-root\"><\/div>\n<audio class=\"wp-audio-shortcode\" id=\"audio-1714-1\" autoplay preload=\"none\" style=\"width: 100%;\" controls=\"controls\"><source type=\"audio\/mpeg\" src=\"http:\/\/www.von-dehn.de\/site\/wp-content\/uploads\/2014\/04\/03-Spur-3.mp3?_=1\" \/><a href=\"http:\/\/www.von-dehn.de\/site\/wp-content\/uploads\/2014\/04\/03-Spur-3.mp3\">http:\/\/www.von-dehn.de\/site\/wp-content\/uploads\/2014\/04\/03-Spur-3.mp3<\/a><\/audio>\n<div id=\"attachment_2239\" style=\"width: 208px\" class=\"wp-caption alignleft\"><a href=\"http:\/\/www.von-dehn.de\/site\/wp-content\/uploads\/2014\/04\/HerrKopie.jpg\"><img decoding=\"async\" aria-describedby=\"caption-attachment-2239\" class=\"wp-image-2239 size-medium\" src=\"http:\/\/www.von-dehn.de\/site\/wp-content\/uploads\/2014\/04\/HerrKopie-198x300.jpg\" alt=\"HerrKopie\" width=\"198\" height=\"300\" srcset=\"http:\/\/www.von-dehn.de\/site\/wp-content\/uploads\/2014\/04\/HerrKopie-198x300.jpg 198w, http:\/\/www.von-dehn.de\/site\/wp-content\/uploads\/2014\/04\/HerrKopie.jpg 331w\" sizes=\"(max-width: 198px) 100vw, 198px\" \/><\/a><p id=\"caption-attachment-2239\" class=\"wp-caption-text\">H\u00e4uptling mit Bidh\u00e4nder 16. Jh.<\/p><\/div>\n<h4 style=\"text-align: right;\"><span style=\"color: #800000;\">\u00a9\u00a0&#8211;<\/span> <span style=\"color: #993300;\">Gunda von Dehn &#8222;Wald und Flur&#8220;<\/span><\/h4>\n<h2 style=\"text-align: center;\"><\/h2>\n<h2 style=\"text-align: center;\"><em><b><span style=\"color: #800000;\">&#8222;Chroniken der tom Brook&#8220; &#8211; Band I<\/span><br \/>\n<\/b><\/em><\/h2>\n<h3 style=\"text-align: center;\"><span style=\"color: #800000;\"><b>14. Jahrhundert\u00a0 &#8211; Norddeutschland \/ Ostfriesland<\/b><\/span><\/h3>\n<address style=\"text-align: justify;\">Dieser historische Roman f\u00e4ngt die schillernde Welt des Mittelalters ein\u00a0\u2013\u00a0spannend, dramatisch und \u2013 wie im Mittelalter \u00fcblich \u2013 angef\u00fcllt mit l\u00fcsternen Begierden und Sinnlichkeit.<\/address>\n<p>Adda tom Brook, die Tochter des Landesherrn von Brookmerland in Ostfriesland, jung und arglos, ist auserw\u00e4hlt, den m\u00e4chtigen Folkmar Allena, Regent und Herrscher \u00fcber riesige L\u00e4ndereien, D\u00f6rfer und H\u00e4fen diesseits und jenseits der Ems, zu heiraten.<\/p>\n<p>Bevor es allerdings zur Eheschlie\u00dfung mit Adda tom Brook kommt, fischt der Br\u00e4utigam in fremden Gew\u00e4ssern, bet\u00f6rt von seiner Jugendliebe, der sch\u00f6nen Foelke von Hinte. Wird es Foelke gelingen, den Geliebten an sich zu binden? Verzweifelt k\u00e4mpft sie um ihre gro\u00dfe Liebe, um Folkmar Allena.<\/p>\n<p>Als der Vater von Adda tom Brook durch einen schrecklichen Unfall ums Leben kommt, steigt die junge Frau zur Erbtochter auf. Die Hinterlassenschaft ihres Vaters beinhaltet enorme L\u00e4ndereien. Niemand kann das unbeachtet lassen, schon gar nicht Addas Br\u00e4utigam, der m\u00e4chtige H\u00e4uptling Folkmar Allena.<\/p>\n<p>Am Dionysiustag anno 1373 &#8211; kurz vor der Hochzeit ger\u00e4t Adda tom Brook mitten hinein in eine grauenhafte Sturmflut, die Tod und Verderben \u00fcber das Land bringt. Adda droht der nasse Tod, sie ringt in einem verzweifelten Kampf ums nackte \u00dcberleben.<\/p>\n<p>Am Tage St. Anna (26. Juli) 1376 findet die glanzvolle Hochzeit auf der Burg Broke im Brookmerland statt.<\/p>\n<p>Wenig sp\u00e4ter kehrt Addas Onkel, der bedeutende Kommandant Ritter Ocko tom Brook, aus dem K\u00f6nigreich Neapel nach Ostfriesland zur\u00fcck, um selbst die Macht im Brookmerland zu \u00fcbernehmen. Dadurch entbrennt ein erbitterter Kampf zwischen Ritter Ocko und Folkmar Allena, der nicht bereit ist, die Erbschaft seiner Frau kampflos aufzugeben. Selbst dem einberufenen Landesfriedensgericht gelingt es nicht, diesen Disput aus der Welt zu schaffen.<\/p>\n<p>Unterdessen entbrennt Ritter Ocko in hei\u00dfer Liebe zu Foelke von Hinte. Er verf\u00e4llt den Reizen der sch\u00f6nen Foelke ebenso wie sein eigener Freischarf\u00fchrer Angelo, den man schaudernd den \u201aschwarzen Engel\u2019 nennt, denn der hei\u00dfbl\u00fctige Italiener gilt als ebenso grausam wie gro\u00dfz\u00fcgig. Die beiden Rivalen buhlen brennend um Foelkes Gunst, obwohl diese inzwischen mit Kampo, dem Drosten von Emden, verm\u00e4hlt wurde. Kampo vom Emden allerdings qu\u00e4lt seine junge Frau mit einer unbez\u00e4hmbaren Eifersucht. Wem wird es gelingen, Foelke aus den gef\u00e4hrlichen Klauen des Drosten Kampo zu befreien? Wird Foelke sich gar mit einem ihrer Anbeter verb\u00fcnden, um ihrem despotischen Ehemann zu entkommen? Oder hegt Foelke selbst ehrliche Gef\u00fchle f\u00fcr den beeindruckenden Ritter Ocko?<\/p>\n<p>Unterdessen eskaliert anno 1379 der Erbstreit zwischen Folkmar Allena und Ritter Ocko zur blutigen Schlacht bei Loppersum. Wer wird siegen? Soviel ist gewiss, das Schicksal h\u00e4lt f\u00fcr alle Beteiligten etliche \u00dcberraschungen bereit, b\u00f6se wie auch gute&#8230;<\/p>\n<p>Der Roman enth\u00e4lt eine F\u00fclle geschichtlicher Einzelheiten\u00a0\u2013\u00a0eine Saga um die Familie &#8222;tom Broek&#8220; und ihren Aufstieg zum m\u00e4chtigsten Geschlecht Ostfrieslands.<\/p>\n<address>Gunda v. Dehn<\/address>\n<hr \/>\n<h2 style=\"text-align: center;\"><span style=\"color: #800000;\">\u201eChroniken der tom Brook &#8211; Das Erbe\u201c &#8211; Band II<\/span><\/h2>\n<h3 style=\"text-align: center;\"><span style=\"color: #800000;\"><b>14. Jahrhundert\u00a0 &#8211; Norddeutschland \/ Ostfriesland<\/b><\/span><\/h3>\n<div id=\"attachment_446\" style=\"width: 128px\" class=\"wp-caption alignright\"><a href=\"http:\/\/www.von-dehn.de\/site\/wp-content\/uploads\/2014\/04\/DameKopie-Kopie-e1409681624389.jpg\"><img decoding=\"async\" aria-describedby=\"caption-attachment-446\" class=\"wp-image-446 size-medium\" src=\"http:\/\/www.von-dehn.de\/site\/wp-content\/uploads\/2014\/04\/DameKopie-Kopie-e1409681624389-118x300.jpg\" alt=\"DameKopie Kopie\" width=\"118\" height=\"300\" \/><\/a><p id=\"caption-attachment-446\" class=\"wp-caption-text\">H\u00e4uptlingsfrau<\/p><\/div>\n<address>Die spannende Geschichte Ostfrieslands m\u00fcndet nach der schrecklichen Schlacht bei Loppersum vorerst in eine friedliche Phase.<\/address>\n<address>Die sch\u00f6ne Foelke Kampana wird aus politischen Gr\u00fcnden mit Ritter Ocko tom Brook, Herr \u00fcber Brookmerland, Norder- und Auricherland (gro\u00dfe Landstriche in Ostfriesland) verheiratet.<\/address>\n<address>Foelkes Ablehnung ist gro\u00df. Werden die Eheleute sich eines Tages verstehen oder gar lieben?<br \/>\nStiefsohn Widzelt geht mit dem Deutschen Ritterorden auf Heerfahrt nach Litauen.<br \/>\nRitter Ocko tom Brook ist gezwungen, Lehnsmann des Herzogs Albrecht von Bayern Graf von Holland zu werden. Im Zuge dessen errichtet der Ritter ein neues repr\u00e4sentatives Schloss in Aurich (jetzt nicht mehr vorhanden).<br \/>\nEine schreckliche Feuersbrunst zerst\u00f6rt den Dom von Marienhafe. Ritter Ocko l\u00e4sst den Dom unter gro\u00dfen Kosten und M\u00fchen wieder aufbauen.<br \/>\nRitter Ockos ewiger Widersacher, Folkmar Allena, der Gemahl von Ritter Ockos Nichte Adda, gibt keine Ruhe. Der vormals aus dem Land gejagte Feldherr will seinen riesigen Besitz in der Krummh\u00f6rn zur\u00fcckerobern. Nachdem Folkmar Allena die k\u00f6niglichen Rotten von Groningen erfolgreich geschlagen und das dortige Schloss erobert hat, f\u00fchlt er sich ungeheuer stark und \u00fcberlegen. Er belagert er Ritter Ocko in Aurich. Eingeschlossen und ausgehungert, hat Ritter Ocko keine andere Wahl, als eine friedliche L\u00f6sung anzustreben. Wird ihm das hehre Kunstst\u00fcck gelingen oder wird Folkmar Allena sich blutig r\u00e4chen?<\/address>\n<address>Der Roman enth\u00e4lt eine F\u00fclle geschichtlicher Einzelheiten \u2013 eine Saga um die Familie <strong>tom Brook<\/strong> und ihren Aufstieg zum m\u00e4chtigsten Geschlecht Ostfrieslands.<\/address>\n<address>\u00a0<\/address>\n<address>Gunda v. Dehn<\/address>\n<hr \/>\n<div id=\"attachment_5125\" style=\"width: 148px\" class=\"wp-caption alignleft\"><a href=\"http:\/\/www.von-dehn.de\/site\/wp-content\/uploads\/2014\/08\/Gunda-Kopie2.jpg\"><img decoding=\"async\" aria-describedby=\"caption-attachment-5125\" class=\"  wp-image-5125\" src=\"http:\/\/www.von-dehn.de\/site\/wp-content\/uploads\/2014\/08\/Gunda-Kopie2.jpg\" alt=\"Gunda Kopie2\" width=\"138\" height=\"151\" \/><\/a><p id=\"caption-attachment-5125\" class=\"wp-caption-text\">Gunda v. Dehn<\/p><\/div>\n<h2>\u00a0<strong><em><span style=\"color: #993300;\">Hinweis: Roman Chroniken der tom Brook<\/span><\/em><\/strong><\/h2>\n<h4 style=\"text-align: center;\"><span style=\"color: #002800;\">\u00a0<strong>&#8222;Chroniken der tom Brook&#8220;:\u00a0 als E-Book bei Kobo, Hugendubel u.v.a. Anbietern erh\u00e4ltlich<\/strong><\/span><\/h4>\n<p style=\"text-align: center;\"><span style=\"color: #0000ff;\"><a style=\"color: #0000ff;\" href=\"http:\/\/www.hugendubel.de\/de\/ebook\/gunda_von_dehn-chroniken_der_tom_brook-29133974-produkt-details.html\">http:\/\/www.hugendubel.de\/de\/ebook\/gunda_von_dehn-chroniken_der_tom_brook-29133974-produkt-details.html<\/a><\/span><\/p>\n<h4 style=\"text-align: center;\"><span style=\"color: #800000;\">\u00a0Band II Chroniken der tom Brook &#8211; &#8222;Das Erbe &#8211; Der Ritter&#8220;:<\/span> <span style=\"color: #0000ff;\"><a class=\"moz-txt-link-freetext\" style=\"color: #0000ff;\" href=\"http:\/\/store.kobobooks.com\/de-DE\/ebook\/chroniken-der-tom-brook-1\">http:\/\/store.kobobooks.com\/de-DE\/ebook\/chroniken-der-tom-brook-1<\/a><\/span><\/h4>\n<p style=\"text-align: center;\"><strong><span style=\"color: #993300;\">Band III Chroniken der tom Brook &#8211; &#8222;Piraten&#8220;\u00a0<\/span><\/strong><\/p>\n<p style=\"text-align: center;\"><strong><span style=\"color: #993300;\">Band IV Chroniken der tom Brook &#8211; &#8222;Der Enkel &#8211; Griff nach den Sternen&#8220; Download bei versch. Anbietern\u00a0<\/span><\/strong><\/p>\n<hr \/>\n<p>Illustrationen: Hausbuch des Unico Manninga *1529 \u202028. April 1588<\/p>\n<hr \/>\n<p>letzte \u00c4nderung 05.10.2023<\/p>\n","protected":false},"excerpt":{"rendered":"<p>\u00a9\u00a0&#8211; Gunda von Dehn &#8222;Wald und Flur&#8220; &#8222;Chroniken der tom Brook&#8220; &#8211; Band I 14. Jahrhundert\u00a0 &#8211; Norddeutschland \/ Ostfriesland Dieser historische Roman f\u00e4ngt die schillernde Welt des Mittelalters ein\u00a0\u2013\u00a0spannend, dramatisch und \u2013 wie im Mittelalter \u00fcblich \u2013 angef\u00fcllt mit l\u00fcsternen Begierden und Sinnlichkeit. Adda tom Brook, die Tochter des Landesherrn von Brookmerland in Ostfriesland, [&hellip;]<\/p>\n","protected":false},"author":1,"featured_media":0,"parent":66,"menu_order":19,"comment_status":"closed","ping_status":"open","template":"side-navigation.php","meta":{"footnotes":""},"class_list":["post-1714","page","type-page","status-publish","hentry"],"_links":{"self":[{"href":"http:\/\/www.von-dehn.de\/site\/wp-json\/wp\/v2\/pages\/1714","targetHints":{"allow":["GET"]}}],"collection":[{"href":"http:\/\/www.von-dehn.de\/site\/wp-json\/wp\/v2\/pages"}],"about":[{"href":"http:\/\/www.von-dehn.de\/site\/wp-json\/wp\/v2\/types\/page"}],"author":[{"embeddable":true,"href":"http:\/\/www.von-dehn.de\/site\/wp-json\/wp\/v2\/users\/1"}],"replies":[{"embeddable":true,"href":"http:\/\/www.von-dehn.de\/site\/wp-json\/wp\/v2\/comments?post=1714"}],"version-history":[{"count":62,"href":"http:\/\/www.von-dehn.de\/site\/wp-json\/wp\/v2\/pages\/1714\/revisions"}],"predecessor-version":[{"id":6947,"href":"http:\/\/www.von-dehn.de\/site\/wp-json\/wp\/v2\/pages\/1714\/revisions\/6947"}],"up":[{"embeddable":true,"href":"http:\/\/www.von-dehn.de\/site\/wp-json\/wp\/v2\/pages\/66"}],"wp:attachment":[{"href":"http:\/\/www.von-dehn.de\/site\/wp-json\/wp\/v2\/media?parent=1714"}],"curies":[{"name":"wp","href":"https:\/\/api.w.org\/{rel}","templated":true}]}}

<div id="fb-root"></div>
<audio class="wp-audio-shortcode" id="audio-1714-1" autoplay preload="none" style="width: 100%;" controls="controls"><source type="audio/mpeg" src="http://www.von-dehn.de/site/wp-content/uploads/2014/04/03-Spur-3.mp3?_=1" /><a href="http://www.von-dehn.de/site/wp-content/uploads/2014/04/03-Spur-3.mp3">http://www.von-dehn.de/site/wp-content/uploads/2014/04/03-Spur-3.mp3</a></audio>
<div id="attachment_2239" style="width: 208px" class="wp-caption alignleft"><a href="http://www.von-dehn.de/site/wp-content/uploads/2014/04/HerrKopie.jpg"><img decoding="async" aria-describedby="caption-attachment-2239" class="wp-image-2239 size-medium" src="http://www.von-dehn.de/site/wp-content/uploads/2014/04/HerrKopie-198x300.jpg" alt="HerrKopie" width="198" height="300" srcset="http://www.von-dehn.de/site/wp-content/uploads/2014/04/HerrKopie-198x300.jpg 198w, http://www.von-dehn.de/site/wp-content/uploads/2014/04/HerrKopie.jpg 331w" sizes="(max-width: 198px) 100vw, 198px" /></a><p id="caption-attachment-2239" class="wp-caption-text">Häuptling mit Bidhänder 16. Jh.</p></div>
<h4 style="text-align: right;"><span style="color: #800000;">© &#8211;</span> <span style="color: #993300;">Gunda von Dehn &#8222;Wald und Flur&#8220;</span></h4>
<h2 style="text-align: center;"></h2>
<h2 style="text-align: center;"><em><b><span style="color: #800000;">&#8222;Chroniken der tom Brook&#8220; &#8211; Band I</span><br />
</b></em></h2>
<h3 style="text-align: center;"><span style="color: #800000;"><b>14. Jahrhundert  &#8211; Norddeutschland / Ostfriesland</b></span></h3>
<address style="text-align: justify;">Dieser historische Roman fängt die schillernde Welt des Mittelalters ein – spannend, dramatisch und – wie im Mittelalter üblich – angefüllt mit lüsternen Begierden und Sinnlichkeit.</address>
<p>Adda tom Brook, die Tochter des Landesherrn von Brookmerland in Ostfriesland, jung und arglos, ist auserwählt, den mächtigen Folkmar Allena, Regent und Herrscher über riesige Ländereien, Dörfer und Häfen diesseits und jenseits der Ems, zu heiraten.</p>
<p>Bevor es allerdings zur Eheschließung mit Adda tom Brook kommt, fischt der Bräutigam in fremden Gewässern, betört von seiner Jugendliebe, der schönen Foelke von Hinte. Wird es Foelke gelingen, den Geliebten an sich zu binden? Verzweifelt kämpft sie um ihre große Liebe, um Folkmar Allena.</p>
<p>Als der Vater von Adda tom Brook durch einen schrecklichen Unfall ums Leben kommt, steigt die junge Frau zur Erbtochter auf. Die Hinterlassenschaft ihres Vaters beinhaltet enorme Ländereien. Niemand kann das unbeachtet lassen, schon gar nicht Addas Bräutigam, der mächtige Häuptling Folkmar Allena.</p>
<p>Am Dionysiustag anno 1373 &#8211; kurz vor der Hochzeit gerät Adda tom Brook mitten hinein in eine grauenhafte Sturmflut, die Tod und Verderben über das Land bringt. Adda droht der nasse Tod, sie ringt in einem verzweifelten Kampf ums nackte Überleben.</p>
<p>Am Tage St. Anna (26. Juli) 1376 findet die glanzvolle Hochzeit auf der Burg Broke im Brookmerland statt.</p>
<p>Wenig später kehrt Addas Onkel, der bedeutende Kommandant Ritter Ocko tom Brook, aus dem Königreich Neapel nach Ostfriesland zurück, um selbst die Macht im Brookmerland zu übernehmen. Dadurch entbrennt ein erbitterter Kampf zwischen Ritter Ocko und Folkmar Allena, der nicht bereit ist, die Erbschaft seiner Frau kampflos aufzugeben. Selbst dem einberufenen Landesfriedensgericht gelingt es nicht, diesen Disput aus der Welt zu schaffen.</p>
<p>Unterdessen entbrennt Ritter Ocko in heißer Liebe zu Foelke von Hinte. Er verfällt den Reizen der schönen Foelke ebenso wie sein eigener Freischarführer Angelo, den man schaudernd den ‚schwarzen Engel’ nennt, denn der heißblütige Italiener gilt als ebenso grausam wie großzügig. Die beiden Rivalen buhlen brennend um Foelkes Gunst, obwohl diese inzwischen mit Kampo, dem Drosten von Emden, vermählt wurde. Kampo vom Emden allerdings quält seine junge Frau mit einer unbezähmbaren Eifersucht. Wem wird es gelingen, Foelke aus den gefährlichen Klauen des Drosten Kampo zu befreien? Wird Foelke sich gar mit einem ihrer Anbeter verbünden, um ihrem despotischen Ehemann zu entkommen? Oder hegt Foelke selbst ehrliche Gefühle für den beeindruckenden Ritter Ocko?</p>
<p>Unterdessen eskaliert anno 1379 der Erbstreit zwischen Folkmar Allena und Ritter Ocko zur blutigen Schlacht bei Loppersum. Wer wird siegen? Soviel ist gewiss, das Schicksal hält für alle Beteiligten etliche Überraschungen bereit, böse wie auch gute&#8230;</p>
<p>Der Roman enthält eine Fülle geschichtlicher Einzelheiten – eine Saga um die Familie &#8222;tom Broek&#8220; und ihren Aufstieg zum mächtigsten Geschlecht Ostfrieslands.</p>
<address>Gunda v. Dehn</address>
<hr />
<h2 style="text-align: center;"><span style="color: #800000;">„Chroniken der tom Brook &#8211; Das Erbe“ &#8211; Band II</span></h2>
<h3 style="text-align: center;"><span style="color: #800000;"><b>14. Jahrhundert  &#8211; Norddeutschland / Ostfriesland</b></span></h3>
<div id="attachment_446" style="width: 128px" class="wp-caption alignright"><a href="http://www.von-dehn.de/site/wp-content/uploads/2014/04/DameKopie-Kopie-e1409681624389.jpg"><img decoding="async" aria-describedby="caption-attachment-446" class="wp-image-446 size-medium" src="http://www.von-dehn.de/site/wp-content/uploads/2014/04/DameKopie-Kopie-e1409681624389-118x300.jpg" alt="DameKopie Kopie" width="118" height="300" /></a><p id="caption-attachment-446" class="wp-caption-text">Häuptlingsfrau</p></div>
<address>Die spannende Geschichte Ostfrieslands mündet nach der schrecklichen Schlacht bei Loppersum vorerst in eine friedliche Phase.</address>
<address>Die schöne Foelke Kampana wird aus politischen Gründen mit Ritter Ocko tom Brook, Herr über Brookmerland, Norder- und Auricherland (große Landstriche in Ostfriesland) verheiratet.</address>
<address>Foelkes Ablehnung ist groß. Werden die Eheleute sich eines Tages verstehen oder gar lieben?<br />
Stiefsohn Widzelt geht mit dem Deutschen Ritterorden auf Heerfahrt nach Litauen.<br />
Ritter Ocko tom Brook ist gezwungen, Lehnsmann des Herzogs Albrecht von Bayern Graf von Holland zu werden. Im Zuge dessen errichtet der Ritter ein neues repräsentatives Schloss in Aurich (jetzt nicht mehr vorhanden).<br />
Eine schreckliche Feuersbrunst zerstört den Dom von Marienhafe. Ritter Ocko lässt den Dom unter großen Kosten und Mühen wieder aufbauen.<br />
Ritter Ockos ewiger Widersacher, Folkmar Allena, der Gemahl von Ritter Ockos Nichte Adda, gibt keine Ruhe. Der vormals aus dem Land gejagte Feldherr will seinen riesigen Besitz in der Krummhörn zurückerobern. Nachdem Folkmar Allena die königlichen Rotten von Groningen erfolgreich geschlagen und das dortige Schloss erobert hat, fühlt er sich ungeheuer stark und überlegen. Er belagert er Ritter Ocko in Aurich. Eingeschlossen und ausgehungert, hat Ritter Ocko keine andere Wahl, als eine friedliche Lösung anzustreben. Wird ihm das hehre Kunststück gelingen oder wird Folkmar Allena sich blutig rächen?</address>
<address>Der Roman enthält eine Fülle geschichtlicher Einzelheiten – eine Saga um die Familie <strong>tom Brook</strong> und ihren Aufstieg zum mächtigsten Geschlecht Ostfrieslands.</address>
<address> </address>
<address>Gunda v. Dehn</address>
<hr />
<div id="attachment_5125" style="width: 148px" class="wp-caption alignleft"><a href="http://www.von-dehn.de/site/wp-content/uploads/2014/08/Gunda-Kopie2.jpg"><img decoding="async" aria-describedby="caption-attachment-5125" class="  wp-image-5125" src="http://www.von-dehn.de/site/wp-content/uploads/2014/08/Gunda-Kopie2.jpg" alt="Gunda Kopie2" width="138" height="151" /></a><p id="caption-attachment-5125" class="wp-caption-text">Gunda v. Dehn</p></div>
<h2> <strong><em><span style="color: #993300;">Hinweis: Roman Chroniken der tom Brook</span></em></strong></h2>
<h4 style="text-align: center;"><span style="color: #002800;"> <strong>&#8222;Chroniken der tom Brook&#8220;:  als E-Book bei Kobo, Hugendubel u.v.a. Anbietern erhältlich</strong></span></h4>
<p style="text-align: center;"><span style="color: #0000ff;"><a style="color: #0000ff;" href="http://www.hugendubel.de/de/ebook/gunda_von_dehn-chroniken_der_tom_brook-29133974-produkt-details.html">http://www.hugendubel.de/de/ebook/gunda_von_dehn-chroniken_der_tom_brook-29133974-produkt-details.html</a></span></p>
<h4 style="text-align: center;"><span style="color: #800000;"> Band II Chroniken der tom Brook &#8211; &#8222;Das Erbe &#8211; Der Ritter&#8220;:</span> <span style="color: #0000ff;"><a class="moz-txt-link-freetext" style="color: #0000ff;" href="http://store.kobobooks.com/de-DE/ebook/chroniken-der-tom-brook-1">http://store.kobobooks.com/de-DE/ebook/chroniken-der-tom-brook-1</a></span></h4>
<p style="text-align: center;"><strong><span style="color: #993300;">Band III Chroniken der tom Brook &#8211; &#8222;Piraten&#8220; </span></strong></p>
<p style="text-align: center;"><strong><span style="color: #993300;">Band IV Chroniken der tom Brook &#8211; &#8222;Der Enkel &#8211; Griff nach den Sternen&#8220; Download bei versch. Anbietern </span></strong></p>
<hr />
<p>Illustrationen: Hausbuch des Unico Manninga *1529 †28. April 1588</p>
<hr />
<p>letzte Änderung 05.10.2023</p>

<p>© &#8211; Gunda von Dehn &#8222;Wald und Flur&#8220; &#8222;Chroniken der tom Brook&#8220; &#8211; Band I 14. Jahrhundert  &#8211; Norddeutschland / Ostfriesland Dieser historische Roman fängt die schillernde Welt des Mittelalters ein – spannend, dramatisch und – wie im Mittelalter üblich – angefüllt mit lüsternen Begierden und Sinnlichkeit. Adda tom Brook, die Tochter des Landesherrn von Brookmerland in Ostfriesland, [&hellip;]</p>
