{"id":1182,"date":"2014-06-29T15:05:03","date_gmt":"2014-06-29T13:05:03","guid":{"rendered":"http:\/\/www.von-dehn.de\/site\/?page_id=1182"},"modified":"2023-10-05T22:47:36","modified_gmt":"2023-10-05T20:47:36","slug":"maria-von-brabant-kaiserin","status":"publish","type":"page","link":"http:\/\/www.von-dehn.de\/site\/friesen-und-freiheit\/maria-von-brabant-kaiserin\/","title":{"rendered":"Maria von Brabant &#8211; Kaiserin"},"content":{"rendered":"<div id=\"fb-root\"><\/div>\n<audio class=\"wp-audio-shortcode\" id=\"audio-1182-1\" preload=\"none\" style=\"width: 100%;\" controls=\"controls\"><source type=\"audio\/mpeg\" src=\"http:\/\/www.von-dehn.de\/site\/wp-content\/uploads\/2014\/08\/22_Ballade_Ko\u0308nigin-tritt-aus-dem-Saal-.mp3?_=1\" \/><a href=\"http:\/\/www.von-dehn.de\/site\/wp-content\/uploads\/2014\/08\/22_Ballade_Ko\u0308nigin-tritt-aus-dem-Saal-.mp3\">http:\/\/www.von-dehn.de\/site\/wp-content\/uploads\/2014\/08\/22_Ballade_Ko\u0308nigin-tritt-aus-dem-Saal-.mp3<\/a><\/audio>\n<h4 style=\"text-align: right;\"><span style=\"color: #800000;\">\u00a9 &#8211; Gunda von Dehn &#8211; aus meinem Musical &#8222;Die Schuhe der Prinzessin&#8220; &#8211; Ballade &#8222;Die K\u00f6nigin&#8230;&#8220;<br \/>\n<\/span><\/h4>\n<h2><span style=\"color: #800000;\"><strong>Maria von Brabant &#8211; Kaiserin<\/strong><\/span><\/h2>\n<p><b><span style=\"font-size: small;\">MARIA (1214-1260) f\u00fchrte bis zu ihrem Tode den Titel &#8222;Kaiserin&#8220;.\u00a0<\/span><\/b><span style=\"font-size: small;\"><span style=\"font-size: small;\">Sowohl als Gr\u00e4fin von Holland als auch in ihrer Witwenzeit, in der sie den Kaisertitel erneut annahm, und sich allgemein <i>quondam imperatrix <\/i>nannte, f\u00fchrte sie jeweils ein Reitersiegel: Wachssiegel an Urkunde (anh\u00e4ngend) &#8211; Westliches Reichsgebiet, 1214-1218 &#8211; Durchmesser 8,2 cm, rund. Braunes Wachs, gemischt mit Tonerde; an roter und gr\u00fcner Seidenschnur. Erhalten nur etwa zwei Drittel des Siegels mit der Figur, Rest in braunem Wachs neutral erg\u00e4nzt. Erhebliche Besch\u00e4digung (durch Hochwasser nach dem letzten Krieg) \u00fcber den bei Posse abgebildeten auch bereits fragmentarischen Zustand hinaus. Umschrift: + MARIA &#8211; (DEI GRACIA) &#8211; ROMAN(O)R(U)M &#8211; IMPERA(TRIX SEMPER) AUGUSTA. (Erg\u00e4nzungen nach Posse).<br \/>\n<\/span><\/span><\/p>\n<div id=\"attachment_2992\" style=\"width: 160px\" class=\"wp-caption alignleft\"><a href=\"http:\/\/www.von-dehn.de\/site\/wp-content\/uploads\/2014\/06\/maria_brabant_groot.png\"><img decoding=\"async\" aria-describedby=\"caption-attachment-2992\" class=\"wp-image-2992 size-thumbnail\" src=\"http:\/\/www.von-dehn.de\/site\/wp-content\/uploads\/2014\/06\/maria_brabant_groot-150x150.png\" alt=\"maria_brabant_groot\" width=\"150\" height=\"150\" srcset=\"http:\/\/www.von-dehn.de\/site\/wp-content\/uploads\/2014\/06\/maria_brabant_groot-66x66.png 66w, http:\/\/www.von-dehn.de\/site\/wp-content\/uploads\/2014\/06\/maria_brabant_groot-150x150.png 150w\" sizes=\"(max-width: 150px) 100vw, 150px\" \/><\/a><p id=\"caption-attachment-2992\" class=\"wp-caption-text\">Maria von Brabant &#8211; Groot<\/p><\/div>\n<p><span style=\"font-size: small;\">\u00a0<\/span><\/p>\n<div id=\"attachment_2694\" style=\"width: 161px\" class=\"wp-caption alignright\"><a href=\"http:\/\/www.von-dehn.de\/site\/wp-content\/uploads\/2014\/06\/Otto-IV_2.png\"><img decoding=\"async\" aria-describedby=\"caption-attachment-2694\" class=\"wp-image-2694 \" src=\"http:\/\/www.von-dehn.de\/site\/wp-content\/uploads\/2014\/06\/Otto-IV_2-160x300.png\" alt=\"Otto IV_2\" width=\"151\" height=\"283\" srcset=\"http:\/\/www.von-dehn.de\/site\/wp-content\/uploads\/2014\/06\/Otto-IV_2-160x300.png 160w, http:\/\/www.von-dehn.de\/site\/wp-content\/uploads\/2014\/06\/Otto-IV_2-548x1024.png 548w, http:\/\/www.von-dehn.de\/site\/wp-content\/uploads\/2014\/06\/Otto-IV_2.png 1446w\" sizes=\"(max-width: 151px) 100vw, 151px\" \/><\/a><p id=\"caption-attachment-2694\" class=\"wp-caption-text\">Kaiser Otto IV.<\/p><\/div>\n<p><span style=\"font-size: small;\"><b><span style=\"color: #ff0000;\">Maria <\/span><\/b><span style=\"color: #000000;\">war eine <\/span>Tochter von <b>Herzog Heinrichs I. von Brabant<\/b>, sie wurde 1214 die zweite Gemahlin <b><span style=\"color: #ff0000;\">Kaiser OTTOS IV.<\/span><\/b>, nachdem dessen erste Gemahlin <b><span style=\"color: #ff0000;\">Beatrix<\/span><\/b>, eine Tochter <b><span style=\"color: #ff0000;\">PHILIPPS VON SCHWABEN <\/span><\/b>und der <b><span style=\"color: #ff0000;\">Irene von Byzanz<\/span><\/b>, kurz nach der Hochzeit gestorben war. Nach dem Tode <b><span style=\"color: #ff0000;\">OTTOS IV. <\/span><\/b>heiratete <b><span style=\"color: #ff0000;\">Maria <\/span><\/b>1220 den <b>Grafen Wilhelm von Holland<\/b>; sie wurde jedoch 1222 bereits wieder Witwe. Sowohl als <b>Gr\u00e4fin von Holland <\/b>wie in ihrer Witwenzeit, in der sie den Kaisertitel wieder annahm und sich allgemein <i>quondam imperatrix <\/i>nannte, f\u00fchrte sie jeweils ein Reitersiegel.<\/span><\/p>\n<p>Sie entstammte von v\u00e4terlicher wie auch von m\u00fctterlicher Seite der ber\u00fchmten Kreuzfahrerfamilie Bouillon. (Ihre Ahnen stellten die K\u00f6nige von Jerusalem.)<\/p>\n<p>Als zentrale Person tritt <span style=\"color: #993300;\"><strong>Heinrich<\/strong> <strong>I<\/strong>. <strong>von<\/strong> <strong>Brabant<\/strong><\/span> * ca. 1158, + 1235 5. IX.. (Marias Vater) als <span style=\"color: #993300;\"><strong>Oberbefehlshaber <\/strong><\/span>des <span style=\"color: #993300;\">Kreuzfahrerheeres<\/span> 1197 und Verb\u00fcndeter von Kaiser <span style=\"color: #993300;\"><strong>Otto<\/strong> <strong>IV<\/strong>.<\/span> (Marias 1. Gemahl) in Erscheinung.<\/p>\n<p>Es wird berichtet, dass Maria von Brabant als notorische Spielerin galt, deren hohe Spielschulden nicht einmal ihr Gemahl, Kaiser Otto IV., (K\u00f6ln 1215) in der Lage war zu zahlen, sondern Ottos Onkel, der engl. K\u00f6nig \u201eJohann ohne Land\u201c einsprang und beglich. Nach dem Tod von Graf Willem I bekam Maria die Handelsstadt <span style=\"color: #993300;\">Dord\u00adrecht<\/span>, die Herrlichkeiten <span style=\"color: #993300;\">Poortvliet<\/span> und <span style=\"color: #993300;\">Malland<\/span> und verschiedene andere G\u00fcter in <span style=\"color: #993300;\">Holland<\/span> und <span style=\"color: #993300;\">Zeeland<\/span> zugewiesen.<\/p>\n<div id=\"attachment_2692\" style=\"width: 176px\" class=\"wp-caption alignleft\"><a href=\"http:\/\/www.von-dehn.de\/site\/wp-content\/uploads\/2014\/06\/Wappen-Otto-IV.png\"><img decoding=\"async\" aria-describedby=\"caption-attachment-2692\" class=\"wp-image-2692\" src=\"http:\/\/www.von-dehn.de\/site\/wp-content\/uploads\/2014\/06\/Wappen-Otto-IV-249x300.png\" alt=\"Wappen Otto IV\" width=\"166\" height=\"200\" srcset=\"http:\/\/www.von-dehn.de\/site\/wp-content\/uploads\/2014\/06\/Wappen-Otto-IV-249x300.png 249w, http:\/\/www.von-dehn.de\/site\/wp-content\/uploads\/2014\/06\/Wappen-Otto-IV.png 776w\" sizes=\"(max-width: 166px) 100vw, 166px\" \/><\/a><p id=\"caption-attachment-2692\" class=\"wp-caption-text\">Wappen Otto IV.<\/p><\/div>\n<p>Nach dem Tod ihres Vaters Heinrich I. von Brabant erhielt sie die Herrlichkeit Helmond und das Gut Miskem (20 km von Leuven). Maria befestigte und baute die <span style=\"color: #993300;\">Burg Helmond<\/span> aus zu einem Zentrum von Kultur- und Hofleben.<\/p>\n<p>Ferner t\u00e4tigte sie eine Schenkung an das <strong>Kloster <span style=\"color: #993300;\">Rijnsburg<\/span><\/strong>, ihren Witwensitz.<\/p>\n<p>\u00dcberdies stiftete sie das <span style=\"color: #993300;\">Kloster Binderen<\/span> zum Gedenken an Graf Wilhelm I.<\/p>\n<p><strong>F\u00fcr die legend\u00e4re Schenkung<\/strong> des Domes von Marienhafe kommt die Zeit um <strong>1220&#8230; 1235<\/strong> in Frage:<\/p>\n<ul>\n<li><strong>1220<\/strong>: Gf. <span style=\"color: #993300;\"><strong>Willem I. von Holland<\/strong> <\/span>kehrt 1219 aus dem Kreuzzug (Damiette) zur\u00fcck. Er heiratet in 2. Ehe <span style=\"color: #993300;\"><strong>Maria von Brabant <\/strong><\/span>(+1260), <strong>Witwe von Kaiser Otto IV. (+19. Mai 1218) <\/strong><\/li>\n<li><strong>1222: <span style=\"color: #993300;\">Willem I. Graf von Holland stirbt bereits am 4.2.1222<\/span> <\/strong><\/li>\n<\/ul>\n<ul>\n<li><strong>1234<\/strong>, am <strong>19. Juli,<\/strong>\u00a0 verstirbt Willems Sohn u. Nachfolger <span style=\"color: #993300;\"><strong>Graf<\/strong> <strong>Florenz<\/strong> <strong>IV<\/strong> von <strong>Holland<\/strong> <\/span>auf <span style=\"color: #993300;\"><strong>Rhijnsburg<\/strong><\/span> nach einem Turnierunfall, <span style=\"color: #993300;\">den sein Schwager verursacht hatte<\/span>. Das Turnier war veranstaltet worden, um den siegreichen Triumph des Kreuzzuges gegen die Stedinger Bauern (b. Bremen) feierlich zu begehen. &#8211; Ironie des Schicksals.<\/li>\n<\/ul>\n<ul>\n<li><strong>1235, am <\/strong>05. Oktober, <span style=\"color: #993300;\">verstirbt Heinrich I. von Brabant<\/span>, der Vater von Maria von Brabant.<\/li>\n<\/ul>\n<ul>\n<li><strong>Heinrich<\/strong> <strong>II<\/strong>., <strong>Herzog von Brabant<\/strong> * 1207, (+01.02.1248 Boulogne), wird zeitweilig <strong>Regent von Holland <\/strong>(Marias Bruder), denn<\/li>\n<li><strong>Wilhelm II. war ein unm\u00fcndiges Kind *1227 als sein Vater Florenz IV. Graf<\/strong> <strong>von Holland<\/strong> 1234 bei dem Turnier in\u00a0<strong><span style=\"color: #993300;\">Rijnsburg<\/span><\/strong> t\u00f6dlich verungl\u00fcckte.<\/li>\n<\/ul>\n<p>Der Tod der Grafen Willem I. und Floris IV. bzw. des Herzogs Heinrich I. von Brabant k\u00f6nnten Anlass f\u00fcr die Schenkung an die Pr\u00e4monstratenser gewesen sein. Schenkungen hatten oft den Grund, Verstorbenen das Seelenheil zu sichern, einen raschen \u201eEintritt ins Himmelreich\u201c zu ebnen und die Phase des \u201eFegefeuers\u201c zu verk\u00fcrzen.<\/p>\n<p>Die Beweggr\u00fcnde f\u00fcr den exorbitanten Ausbau der Kirche werden sich somit im Laufe der Zeit ge\u00e4ndert und an die Gegebenheiten angepasst haben.<\/p>\n<p>Gunda v. Dehn in Zusammenarbeit mit Annette v. Dehn M.A.<\/p>\n<hr \/>\n<p><a href=\"http:\/\/www.von-dehn.de\/site\/wp-content\/uploads\/2014\/04\/AutogrammkarteGunda.png\"><img decoding=\"async\" class=\"alignleft wp-image-3171 size-thumbnail\" src=\"http:\/\/www.von-dehn.de\/site\/wp-content\/uploads\/2014\/04\/AutogrammkarteGunda-150x150.png\" alt=\"AutogrammkarteGunda\" width=\"150\" height=\"150\" srcset=\"http:\/\/www.von-dehn.de\/site\/wp-content\/uploads\/2014\/04\/AutogrammkarteGunda-66x66.png 66w, http:\/\/www.von-dehn.de\/site\/wp-content\/uploads\/2014\/04\/AutogrammkarteGunda-150x150.png 150w\" sizes=\"(max-width: 150px) 100vw, 150px\" \/><\/a><\/p>\n<h2><strong><em><span style=\"color: #993300;\">Hinweis: Roman &#8222;Chroniken der tom Brook&#8220;<\/span><\/em><\/strong><\/h2>\n<h4><span style=\"color: #800000;\">Band I-IV &#8222;Chroniken der tom Brook&#8220;<\/span><span style=\"color: #ff0000;\"> Download bei versch. Anbietern<br \/>\n<\/span><\/h4>\n<p>http:\/\/www.hugendubel.de\/de\/ebook\/gunda_von_dehn-chroniken_der_tom_brook-29133974-produkt-details.html<\/p>\n<h4><span style=\"color: #800000;\">Band II &#8222;Chroniken der tom Brook&#8220;:<\/span> <span style=\"color: #0000ff;\"><a class=\"moz-txt-link-freetext\" style=\"color: #0000ff;\" href=\"http:\/\/store.kobobooks.com\/de-DE\/ebook\/chroniken-der-tom-brook-1\">http:\/\/store.kobobooks.com\/de-DE\/ebook\/chroniken-der-tom-brook-1<\/a><\/span><\/h4>\n<hr \/>\n<h5>Letzte \u00c4nderung 05.10.2023<\/h5>\n<hr \/>\n","protected":false},"excerpt":{"rendered":"<p>\u00a9 &#8211; Gunda von Dehn &#8211; aus meinem Musical &#8222;Die Schuhe der Prinzessin&#8220; &#8211; Ballade &#8222;Die K\u00f6nigin&#8230;&#8220; Maria von Brabant &#8211; Kaiserin MARIA (1214-1260) f\u00fchrte bis zu ihrem Tode den Titel &#8222;Kaiserin&#8220;.\u00a0Sowohl als Gr\u00e4fin von Holland als auch in ihrer Witwenzeit, in der sie den Kaisertitel erneut annahm, und sich allgemein quondam imperatrix nannte, f\u00fchrte [&hellip;]<\/p>\n","protected":false},"author":1,"featured_media":0,"parent":34,"menu_order":6,"comment_status":"closed","ping_status":"open","template":"side-navigation.php","meta":{"footnotes":""},"class_list":["post-1182","page","type-page","status-publish","hentry"],"_links":{"self":[{"href":"http:\/\/www.von-dehn.de\/site\/wp-json\/wp\/v2\/pages\/1182","targetHints":{"allow":["GET"]}}],"collection":[{"href":"http:\/\/www.von-dehn.de\/site\/wp-json\/wp\/v2\/pages"}],"about":[{"href":"http:\/\/www.von-dehn.de\/site\/wp-json\/wp\/v2\/types\/page"}],"author":[{"embeddable":true,"href":"http:\/\/www.von-dehn.de\/site\/wp-json\/wp\/v2\/users\/1"}],"replies":[{"embeddable":true,"href":"http:\/\/www.von-dehn.de\/site\/wp-json\/wp\/v2\/comments?post=1182"}],"version-history":[{"count":33,"href":"http:\/\/www.von-dehn.de\/site\/wp-json\/wp\/v2\/pages\/1182\/revisions"}],"predecessor-version":[{"id":6953,"href":"http:\/\/www.von-dehn.de\/site\/wp-json\/wp\/v2\/pages\/1182\/revisions\/6953"}],"up":[{"embeddable":true,"href":"http:\/\/www.von-dehn.de\/site\/wp-json\/wp\/v2\/pages\/34"}],"wp:attachment":[{"href":"http:\/\/www.von-dehn.de\/site\/wp-json\/wp\/v2\/media?parent=1182"}],"curies":[{"name":"wp","href":"https:\/\/api.w.org\/{rel}","templated":true}]}}

<div id="fb-root"></div>
<audio class="wp-audio-shortcode" id="audio-1182-1" preload="none" style="width: 100%;" controls="controls"><source type="audio/mpeg" src="http://www.von-dehn.de/site/wp-content/uploads/2014/08/22_Ballade_Königin-tritt-aus-dem-Saal-.mp3?_=1" /><a href="http://www.von-dehn.de/site/wp-content/uploads/2014/08/22_Ballade_Königin-tritt-aus-dem-Saal-.mp3">http://www.von-dehn.de/site/wp-content/uploads/2014/08/22_Ballade_Königin-tritt-aus-dem-Saal-.mp3</a></audio>
<h4 style="text-align: right;"><span style="color: #800000;">© &#8211; Gunda von Dehn &#8211; aus meinem Musical &#8222;Die Schuhe der Prinzessin&#8220; &#8211; Ballade &#8222;Die Königin&#8230;&#8220;<br />
</span></h4>
<h2><span style="color: #800000;"><strong>Maria von Brabant &#8211; Kaiserin</strong></span></h2>
<p><b><span style="font-size: small;">MARIA (1214-1260) führte bis zu ihrem Tode den Titel &#8222;Kaiserin&#8220;. </span></b><span style="font-size: small;"><span style="font-size: small;">Sowohl als Gräfin von Holland als auch in ihrer Witwenzeit, in der sie den Kaisertitel erneut annahm, und sich allgemein <i>quondam imperatrix </i>nannte, führte sie jeweils ein Reitersiegel: Wachssiegel an Urkunde (anhängend) &#8211; Westliches Reichsgebiet, 1214-1218 &#8211; Durchmesser 8,2 cm, rund. Braunes Wachs, gemischt mit Tonerde; an roter und grüner Seidenschnur. Erhalten nur etwa zwei Drittel des Siegels mit der Figur, Rest in braunem Wachs neutral ergänzt. Erhebliche Beschädigung (durch Hochwasser nach dem letzten Krieg) über den bei Posse abgebildeten auch bereits fragmentarischen Zustand hinaus. Umschrift: + MARIA &#8211; (DEI GRACIA) &#8211; ROMAN(O)R(U)M &#8211; IMPERA(TRIX SEMPER) AUGUSTA. (Ergänzungen nach Posse).<br />
</span></span></p>
<div id="attachment_2992" style="width: 160px" class="wp-caption alignleft"><a href="http://www.von-dehn.de/site/wp-content/uploads/2014/06/maria_brabant_groot.png"><img decoding="async" aria-describedby="caption-attachment-2992" class="wp-image-2992 size-thumbnail" src="http://www.von-dehn.de/site/wp-content/uploads/2014/06/maria_brabant_groot-150x150.png" alt="maria_brabant_groot" width="150" height="150" srcset="http://www.von-dehn.de/site/wp-content/uploads/2014/06/maria_brabant_groot-66x66.png 66w, http://www.von-dehn.de/site/wp-content/uploads/2014/06/maria_brabant_groot-150x150.png 150w" sizes="(max-width: 150px) 100vw, 150px" /></a><p id="caption-attachment-2992" class="wp-caption-text">Maria von Brabant &#8211; Groot</p></div>
<p><span style="font-size: small;"> </span></p>
<div id="attachment_2694" style="width: 161px" class="wp-caption alignright"><a href="http://www.von-dehn.de/site/wp-content/uploads/2014/06/Otto-IV_2.png"><img decoding="async" aria-describedby="caption-attachment-2694" class="wp-image-2694 " src="http://www.von-dehn.de/site/wp-content/uploads/2014/06/Otto-IV_2-160x300.png" alt="Otto IV_2" width="151" height="283" srcset="http://www.von-dehn.de/site/wp-content/uploads/2014/06/Otto-IV_2-160x300.png 160w, http://www.von-dehn.de/site/wp-content/uploads/2014/06/Otto-IV_2-548x1024.png 548w, http://www.von-dehn.de/site/wp-content/uploads/2014/06/Otto-IV_2.png 1446w" sizes="(max-width: 151px) 100vw, 151px" /></a><p id="caption-attachment-2694" class="wp-caption-text">Kaiser Otto IV.</p></div>
<p><span style="font-size: small;"><b><span style="color: #ff0000;">Maria </span></b><span style="color: #000000;">war eine </span>Tochter von <b>Herzog Heinrichs I. von Brabant</b>, sie wurde 1214 die zweite Gemahlin <b><span style="color: #ff0000;">Kaiser OTTOS IV.</span></b>, nachdem dessen erste Gemahlin <b><span style="color: #ff0000;">Beatrix</span></b>, eine Tochter <b><span style="color: #ff0000;">PHILIPPS VON SCHWABEN </span></b>und der <b><span style="color: #ff0000;">Irene von Byzanz</span></b>, kurz nach der Hochzeit gestorben war. Nach dem Tode <b><span style="color: #ff0000;">OTTOS IV. </span></b>heiratete <b><span style="color: #ff0000;">Maria </span></b>1220 den <b>Grafen Wilhelm von Holland</b>; sie wurde jedoch 1222 bereits wieder Witwe. Sowohl als <b>Gräfin von Holland </b>wie in ihrer Witwenzeit, in der sie den Kaisertitel wieder annahm und sich allgemein <i>quondam imperatrix </i>nannte, führte sie jeweils ein Reitersiegel.</span></p>
<p>Sie entstammte von väterlicher wie auch von mütterlicher Seite der berühmten Kreuzfahrerfamilie Bouillon. (Ihre Ahnen stellten die Könige von Jerusalem.)</p>
<p>Als zentrale Person tritt <span style="color: #993300;"><strong>Heinrich</strong> <strong>I</strong>. <strong>von</strong> <strong>Brabant</strong></span> * ca. 1158, + 1235 5. IX.. (Marias Vater) als <span style="color: #993300;"><strong>Oberbefehlshaber </strong></span>des <span style="color: #993300;">Kreuzfahrerheeres</span> 1197 und Verbündeter von Kaiser <span style="color: #993300;"><strong>Otto</strong> <strong>IV</strong>.</span> (Marias 1. Gemahl) in Erscheinung.</p>
<p>Es wird berichtet, dass Maria von Brabant als notorische Spielerin galt, deren hohe Spielschulden nicht einmal ihr Gemahl, Kaiser Otto IV., (Köln 1215) in der Lage war zu zahlen, sondern Ottos Onkel, der engl. König „Johann ohne Land“ einsprang und beglich. Nach dem Tod von Graf Willem I bekam Maria die Handelsstadt <span style="color: #993300;">Dord­recht</span>, die Herrlichkeiten <span style="color: #993300;">Poortvliet</span> und <span style="color: #993300;">Malland</span> und verschiedene andere Güter in <span style="color: #993300;">Holland</span> und <span style="color: #993300;">Zeeland</span> zugewiesen.</p>
<div id="attachment_2692" style="width: 176px" class="wp-caption alignleft"><a href="http://www.von-dehn.de/site/wp-content/uploads/2014/06/Wappen-Otto-IV.png"><img decoding="async" aria-describedby="caption-attachment-2692" class="wp-image-2692" src="http://www.von-dehn.de/site/wp-content/uploads/2014/06/Wappen-Otto-IV-249x300.png" alt="Wappen Otto IV" width="166" height="200" srcset="http://www.von-dehn.de/site/wp-content/uploads/2014/06/Wappen-Otto-IV-249x300.png 249w, http://www.von-dehn.de/site/wp-content/uploads/2014/06/Wappen-Otto-IV.png 776w" sizes="(max-width: 166px) 100vw, 166px" /></a><p id="caption-attachment-2692" class="wp-caption-text">Wappen Otto IV.</p></div>
<p>Nach dem Tod ihres Vaters Heinrich I. von Brabant erhielt sie die Herrlichkeit Helmond und das Gut Miskem (20 km von Leuven). Maria befestigte und baute die <span style="color: #993300;">Burg Helmond</span> aus zu einem Zentrum von Kultur- und Hofleben.</p>
<p>Ferner tätigte sie eine Schenkung an das <strong>Kloster <span style="color: #993300;">Rijnsburg</span></strong>, ihren Witwensitz.</p>
<p>Überdies stiftete sie das <span style="color: #993300;">Kloster Binderen</span> zum Gedenken an Graf Wilhelm I.</p>
<p><strong>Für die legendäre Schenkung</strong> des Domes von Marienhafe kommt die Zeit um <strong>1220&#8230; 1235</strong> in Frage:</p>
<ul>
<li><strong>1220</strong>: Gf. <span style="color: #993300;"><strong>Willem I. von Holland</strong> </span>kehrt 1219 aus dem Kreuzzug (Damiette) zurück. Er heiratet in 2. Ehe <span style="color: #993300;"><strong>Maria von Brabant </strong></span>(+1260), <strong>Witwe von Kaiser Otto IV. (+19. Mai 1218) </strong></li>
<li><strong>1222: <span style="color: #993300;">Willem I. Graf von Holland stirbt bereits am 4.2.1222</span> </strong></li>
</ul>
<ul>
<li><strong>1234</strong>, am <strong>19. Juli,</strong>  verstirbt Willems Sohn u. Nachfolger <span style="color: #993300;"><strong>Graf</strong> <strong>Florenz</strong> <strong>IV</strong> von <strong>Holland</strong> </span>auf <span style="color: #993300;"><strong>Rhijnsburg</strong></span> nach einem Turnierunfall, <span style="color: #993300;">den sein Schwager verursacht hatte</span>. Das Turnier war veranstaltet worden, um den siegreichen Triumph des Kreuzzuges gegen die Stedinger Bauern (b. Bremen) feierlich zu begehen. &#8211; Ironie des Schicksals.</li>
</ul>
<ul>
<li><strong>1235, am </strong>05. Oktober, <span style="color: #993300;">verstirbt Heinrich I. von Brabant</span>, der Vater von Maria von Brabant.</li>
</ul>
<ul>
<li><strong>Heinrich</strong> <strong>II</strong>., <strong>Herzog von Brabant</strong> * 1207, (+01.02.1248 Boulogne), wird zeitweilig <strong>Regent von Holland </strong>(Marias Bruder), denn</li>
<li><strong>Wilhelm II. war ein unmündiges Kind *1227 als sein Vater Florenz IV. Graf</strong> <strong>von Holland</strong> 1234 bei dem Turnier in <strong><span style="color: #993300;">Rijnsburg</span></strong> tödlich verunglückte.</li>
</ul>
<p>Der Tod der Grafen Willem I. und Floris IV. bzw. des Herzogs Heinrich I. von Brabant könnten Anlass für die Schenkung an die Prämonstratenser gewesen sein. Schenkungen hatten oft den Grund, Verstorbenen das Seelenheil zu sichern, einen raschen „Eintritt ins Himmelreich“ zu ebnen und die Phase des „Fegefeuers“ zu verkürzen.</p>
<p>Die Beweggründe für den exorbitanten Ausbau der Kirche werden sich somit im Laufe der Zeit geändert und an die Gegebenheiten angepasst haben.</p>
<p>Gunda v. Dehn in Zusammenarbeit mit Annette v. Dehn M.A.</p>
<hr />
<p><a href="http://www.von-dehn.de/site/wp-content/uploads/2014/04/AutogrammkarteGunda.png"><img decoding="async" class="alignleft wp-image-3171 size-thumbnail" src="http://www.von-dehn.de/site/wp-content/uploads/2014/04/AutogrammkarteGunda-150x150.png" alt="AutogrammkarteGunda" width="150" height="150" srcset="http://www.von-dehn.de/site/wp-content/uploads/2014/04/AutogrammkarteGunda-66x66.png 66w, http://www.von-dehn.de/site/wp-content/uploads/2014/04/AutogrammkarteGunda-150x150.png 150w" sizes="(max-width: 150px) 100vw, 150px" /></a></p>
<h2><strong><em><span style="color: #993300;">Hinweis: Roman &#8222;Chroniken der tom Brook&#8220;</span></em></strong></h2>
<h4><span style="color: #800000;">Band I-IV &#8222;Chroniken der tom Brook&#8220;</span><span style="color: #ff0000;"> Download bei versch. Anbietern<br />
</span></h4>
<p>http://www.hugendubel.de/de/ebook/gunda_von_dehn-chroniken_der_tom_brook-29133974-produkt-details.html</p>
<h4><span style="color: #800000;">Band II &#8222;Chroniken der tom Brook&#8220;:</span> <span style="color: #0000ff;"><a class="moz-txt-link-freetext" style="color: #0000ff;" href="http://store.kobobooks.com/de-DE/ebook/chroniken-der-tom-brook-1">http://store.kobobooks.com/de-DE/ebook/chroniken-der-tom-brook-1</a></span></h4>
<hr />
<h5>Letzte Änderung 05.10.2023</h5>
<hr />

<p>© &#8211; Gunda von Dehn &#8211; aus meinem Musical &#8222;Die Schuhe der Prinzessin&#8220; &#8211; Ballade &#8222;Die Königin&#8230;&#8220; Maria von Brabant &#8211; Kaiserin MARIA (1214-1260) führte bis zu ihrem Tode den Titel &#8222;Kaiserin&#8220;. Sowohl als Gräfin von Holland als auch in ihrer Witwenzeit, in der sie den Kaisertitel erneut annahm, und sich allgemein quondam imperatrix nannte, führte [&hellip;]</p>
